{"id":8688,"date":"2018-08-01T10:38:20","date_gmt":"2018-08-01T13:38:20","guid":{"rendered":"https:\/\/emprad.org.br\/2022\/?page_id=8688"},"modified":"2023-03-14T16:32:11","modified_gmt":"2023-03-14T19:32:11","slug":"fast-track","status":"publish","type":"page","link":"https:\/\/emprad.org.br\/2022\/fast-track\/","title":{"rendered":"Fast Track"},"content":{"rendered":"<p>[vc_row full_width=&#8221;stretch_row&#8221; css_animation=&#8221;fadeInUp&#8221; css=&#8221;.vc_custom_1512033341816{margin-bottom: 0px !important;padding-top: 60px !important;padding-bottom: 40px !important;background-color: #fafafa !important;}&#8221;][vc_column css=&#8221;.vc_custom_1508310024768{padding-top: 0px !important;padding-bottom: 0px !important;}&#8221;][vc_custom_heading source=&#8221;post_title&#8221; font_container=&#8221;tag:h2|font_size:32px|text_align:center&#8221; use_theme_fonts=&#8221;yes&#8221; css=&#8221;.vc_custom_1533132536753{padding-top: 0px !important;padding-bottom: 0px !important;}&#8221;][vc_column_text css=&#8221;.vc_custom_1668165279193{margin-top: 25px !important;margin-bottom: 0px !important;padding-top: 0px !important;padding-bottom: 40px !important;}&#8221;]<\/p>\n<p style=\"text-align: center;\"><span style=\"color: #575757;\">Abaixo as revistas que participam do Fast Track do EMPRAD 2022<\/span><\/p>\n<p>[\/vc_column_text][\/vc_column][\/vc_row][vc_row][vc_column][vc_column_text]<\/p>\n<table class=\"table\" width=\"100%\">\n<thead>\n<tr>\n<th width=\"50%\">Revista<\/th>\n<th>Site<\/th>\n<th>Qualis<\/th>\n<\/tr>\n<\/thead>\n<tbody>\n<tr>\n<td>Revista Ibero-Americana de Estrat\u00e9gia -RIAE<\/td>\n<td><a href=\"https:\/\/periodicos.uninove.br\/riae\/\">https:\/\/periodicos.uninove.br\/riae\/<\/a><\/td>\n<td>A3<\/td>\n<\/tr>\n<tr>\n<td>Revista de Gest\u00e3o Ambiental e Sustentabilidade &#8211; GeAS<\/td>\n<td><a href=\"http:\/\/www.revistageas.org.br\/ojs\/index.php\/geas\">http:\/\/www.revistageas.org.br\/ojs\/index.php\/geas<\/a><\/td>\n<td>A3<\/td>\n<\/tr>\n<tr>\n<td>Revista Gest\u00e3o e Projetos &#8211; GeP<\/td>\n<td><a href=\"https:\/\/periodicos.uninove.br\/gep\">https:\/\/periodicos.uninove.br\/gep<\/a><\/td>\n<td>A4<\/td>\n<\/tr>\n<tr>\n<td>International Journal of Innovation \u2013 IJI<\/td>\n<td><a href=\"https:\/\/periodicos.uninove.br\/innovation\/index\">https:\/\/periodicos.uninove.br\/innovation\/index<\/a><\/td>\n<td>B1<\/td>\n<\/tr>\n<tr>\n<td>Future Studies Research Journal: Trends and Strategies<\/td>\n<td><a href=\"https:\/\/www.revistafuture.org\/FSRJ\">https:\/\/www.revistafuture.org\/FSRJ<\/a><\/td>\n<td>B2<\/td>\n<\/tr>\n<tr>\n<td>Revista Inova\u00e7\u00e3o, Projetos e Tecnologias \u2013 IPTEC<\/td>\n<td><a href=\"http:\/\/www6.uninove.br\/ojs\/journaliji\/index.php\/iptec\/\">http:\/\/www6.uninove.br\/ojs\/journaliji\/index.php\/iptec\/<\/a><\/td>\n<td>B3<\/td>\n<\/tr>\n<tr>\n<td>International Journal of Business &amp; Marketing &#8211; IJBMKT<\/td>\n<td><a href=\"http:\/\/www.ijbmkt.org\">http:\/\/www.ijbmkt.org<\/a><\/td>\n<td>B4<\/td>\n<\/tr>\n<tr>\n<td>Revista Pr\u00e1ticas em Contabilidade e Gest\u00e3o<\/td>\n<td><a href=\"http:\/\/editorarevistas.mackenzie.br\/index.php\/pcg\">http:\/\/editorarevistas.mackenzie.br\/index.php\/pcg<\/a><\/td>\n<td>B5<\/td>\n<\/tr>\n<tr>\n<td>Revista Fipecafi de Contabilidade, Controladoria e Finan\u00e7as &#8211; RFCC<\/td>\n<td><a href=\"http:\/\/ojs.fipecafi.org\/index.php\/RevFipecafiCCF\/about\">http:\/\/ojs.fipecafi.org\/index.php\/RevFipecafiCCF\/about<\/a><\/td>\n<td>&#8211;<\/td>\n<\/tr>\n<tr>\n<td>Revista Liceu On-line<\/td>\n<td><a href=\"https:\/\/liceu.fecap.br\/LICEU_ON-LINE\/index\">https:\/\/liceu.fecap.br\/LICEU_ON-LINE\/index<\/a><\/td>\n<td>&#8211;<\/td>\n<\/tr>\n<\/tbody>\n<\/table>\n<p>[\/vc_column_text][\/vc_column][\/vc_row][vc_row][vc_column][rt_separator_style separator_direction=&#8221;center&#8221;][\/vc_column][\/vc_row][vc_row][vc_column][vc_column_text]<\/p>\n<h2 style=\"text-align: center;\">TRABALHOS INDICADOS PARA FAST TRACK 2022<\/h2>\n<p style=\"text-align: center;\">As indica\u00e7\u00f5es das revistas foram enviados para o e-mail dos autores<\/p>\n<p>&nbsp;<\/p>\n<table class=\"table\" width=\"100%\">\n<tbody>\n<tr>\n<td>Area<\/td>\n<td>C\u00f3digo<\/td>\n<td>T\u00edtulo<\/td>\n<\/tr>\n<tr>\n<td>Opera\u00e7\u00f5es<\/td>\n<td>172<\/td>\n<td>TERMO DE REFER\u00caNCIA ORIENTADO PARA ESG<\/td>\n<\/tr>\n<tr>\n<td>Estrat\u00e9gia<\/td>\n<td>15<\/td>\n<td>EFEITOS DA TURBUL\u00caNCIA DE MERCADO E DA CAPACIDADE DE INOVAR NA CAPACIDADE ABSORTIVA E NO DESEMPENHO DAS MPES EM TEMPOS DE PANDEMIA \u2013 COVID19<\/td>\n<\/tr>\n<tr>\n<td>Estrat\u00e9gia<\/td>\n<td>55<\/td>\n<td>DENSIDADE DAS REDES COMO FATOR DE DESEMPENHO: Um estudo de caso na Pol\u00edcia Rodovi\u00e1ria Federal.<\/td>\n<\/tr>\n<tr>\n<td>Marketing<\/td>\n<td>102<\/td>\n<td>FATORES DE RELACIONAMENTO DOS STAKEHOLDERS (FRS) QUE INFLUENCIAM A PERCEP\u00c7\u00c3O DO VALOR DE MARCA: PROPOSTA DE UM MODELO CONCEITUAL PARA O CONTEXTO B2B<\/td>\n<\/tr>\n<tr>\n<td>Estrat\u00e9gia<\/td>\n<td>167<\/td>\n<td>GERENCIAMENTO DE PORTF\u00d3LIO DE PROJETOS: UMA CORRIDA CONTRA O TEMPO DA EXATA CONSTRU\u00c7\u00d5ES PARA MANTER-SE COMPETITIVA NO MERCADO<\/td>\n<\/tr>\n<tr>\n<td>Estrat\u00e9gia<\/td>\n<td>61<\/td>\n<td>ESTRAT\u00c9GIAS DE INTERNACIONALIZA\u00c7\u00c3O E DESEMPENHO DE CLUBES DE FUTEBOL: UMA COMPARA\u00c7\u00c3O ENTRE CEAR\u00c1 E FORTALEZA, DE 2018 A 2022<\/td>\n<\/tr>\n<tr>\n<td>Gest\u00e3o Financeira e Cont\u00e1bil<\/td>\n<td>31<\/td>\n<td>Tend\u00eancias de pesquisas sobre a Sarbanes-Oxley \u2013 an\u00e1lise no per\u00edodo 2002-2021<\/td>\n<\/tr>\n<tr>\n<td>Opera\u00e7\u00f5es<\/td>\n<td>17<\/td>\n<td>ESTRAT\u00c9GIA DE GEST\u00c3O DE ESTOQUE: ESTUDO DE CASO EM UMA COMPANHIA DE DESENVOLVIMENTO MUNICIPAL<\/td>\n<\/tr>\n<tr>\n<td>Empreendedorismo, Tecnologia e Inova\u00e7\u00e3o<\/td>\n<td>35<\/td>\n<td>INOVA\u00c7\u00c3O EM PRODUTO COMO ESTRAT\u00c9GIA DE DESENVOLVIMENTO DE NEG\u00d3CIOS: Avalia\u00e7\u00e3o de um medicamento para Covid-19<\/td>\n<\/tr>\n<tr>\n<td>Empreendedorismo, Tecnologia e Inova\u00e7\u00e3o<\/td>\n<td>27<\/td>\n<td>COOPERA\u00c7\u00c3O TECNOL\u00d3GICA NA AM\u00c9RICA LATINA: UM ESTUDO BASEADO EM PATENTES DO SEGMENTO DA BIOTECNOLOGIA APLICADA \u00c0 BIODIVERSIDADE<\/td>\n<\/tr>\n<tr>\n<td>Empreendedorismo, Tecnologia e Inova\u00e7\u00e3o<\/td>\n<td>39<\/td>\n<td>CRIA\u00c7\u00c3O DE VALOR NAS ORGANIZA\u00c7\u00d5ES ATRAV\u00c9S DA GOVERNAN\u00c7A DA INOVA\u00c7\u00c3O.<\/td>\n<\/tr>\n<tr>\n<td>Empreendedorismo, Tecnologia e Inova\u00e7\u00e3o<\/td>\n<td>150<\/td>\n<td>CAPACIDADE ABSORTIVA E AMBIDESTRIA ORGANIZACIONAL E SUAS RELA\u00c7\u00d5ES COM O DESEMPENHHO DAS MICRO E PEQUENAS EMPRESAS<\/td>\n<\/tr>\n<tr>\n<td>Empreendedorismo, Tecnologia e Inova\u00e7\u00e3o<\/td>\n<td>64<\/td>\n<td>A EFETIVIDADE DO PROCESSO DE COMPRAS E A UTILIZA\u00c7\u00c3O DE FERRAMENTAS E METODOLOGIAS PARA O ALCANCE DOS OBJETIVOS ESTRAT\u00c9GICOS DE UMA EMPRESA QUE ATUA SOB O REGIME JUR\u00cdDICO DE SOCIEDADE DE ECONOMIA MISTA<\/td>\n<\/tr>\n<tr>\n<td>Marketing<\/td>\n<td>118<\/td>\n<td>A ADO\u00c7\u00c3O DE UMA CAUSA COMO ESTRAT\u00c9GIA: a rela\u00e7\u00e3o entre o posicionamento de marca e o comportamento do consumidor<\/td>\n<\/tr>\n<tr>\n<td>Gest\u00e3o de Pessoas nas Organiza\u00e7\u00f5es<\/td>\n<td>139<\/td>\n<td>VIGOR, DEDICA\u00c7\u00c3O E ABSOR\u00c7\u00c3O: TESTANDO E ANALISANDO AS DIMENS\u00d5ES DO ENGAJAMENTO NO TRABALHO EM UMA UNIVERSIDADE P\u00daBLICA FEDERAL<\/td>\n<\/tr>\n<tr>\n<td>Estrat\u00e9gia<\/td>\n<td>151<\/td>\n<td>ESTUDO COMPARATIVO DO DESEMPENHO DE \u00cdNDICES ESG E TRADICIONAIS NO BRASIL E EM MERCADOS INTERNACIONAIS<\/td>\n<\/tr>\n<tr>\n<td>Estrat\u00e9gia<\/td>\n<td>21<\/td>\n<td>Efeito mediador do Capital Psicol\u00f3gico na rela\u00e7\u00e3o entre Participa\u00e7\u00e3o Or\u00e7ament\u00e1ria e o Desempenho Gerencial<\/td>\n<\/tr>\n<tr>\n<td>Estrat\u00e9gia<\/td>\n<td>42<\/td>\n<td>O monitoramento do alinhamento das estrat\u00e9gias nos neg\u00f3cios: Um Framework no acompanhamento das estrat\u00e9gias de uma ind\u00fastria catarinense<\/td>\n<\/tr>\n<tr>\n<td>Empreendedorismo, Tecnologia e Inova\u00e7\u00e3o<\/td>\n<td>130<\/td>\n<td>BUSINESS INTELLIGENCE COMO APOIO \u00c0 TOMADA DE DECIS\u00c3O: DESENVOLVIMENTO E IMPLANTA\u00c7\u00c3O EM UMA INSITUI\u00c7\u00c3O DE ENSINO FEDERAL<\/td>\n<\/tr>\n<\/tbody>\n<\/table>\n<p>[\/vc_column_text][\/vc_column][\/vc_row]<\/p>\n","protected":false},"excerpt":{"rendered":"<p>[vc_row full_width=&#8221;stretch_row&#8221; css_animation=&#8221;fadeInUp&#8221; css=&#8221;.vc_custom_1512033341816{margin-bottom: 0px !important;padding-top: 60px !important;padding-bottom: 40px !important;background-color: #fafafa !important;}&#8221;][vc_column css=&#8221;.vc_custom_1508310024768{padding-top: 0px !important;padding-bottom: 0px !important;}&#8221;][vc_custom_heading source=&#8221;post_title&#8221; font_container=&#8221;tag:h2|font_size:32px|text_align:center&#8221; use_theme_fonts=&#8221;yes&#8221; css=&#8221;.vc_custom_1533132536753{padding-top: 0px !important;padding-bottom: 0px !important;}&#8221;][vc_column_text css=&#8221;.vc_custom_1668165279193{margin-top: 25px !important;margin-bottom: 0px !important;padding-top: 0px !important;padding-bottom: 40px !important;}&#8221;] Abaixo as revistas que participam do Fast Track do EMPRAD 2022 [\/vc_column_text][\/vc_column][\/vc_row][vc_row][vc_column][vc_column_text] Revista Site Qualis Revista Ibero-Americana de Estrat\u00e9gia -RIAE https:\/\/periodicos.uninove.br\/riae\/ [&hellip;]<\/p>\n","protected":false},"author":1,"featured_media":0,"parent":0,"menu_order":0,"comment_status":"closed","ping_status":"closed","template":"","meta":{"inline_featured_image":false,"footnotes":""},"class_list":["post-8688","page","type-page","status-publish","hentry"],"yoast_head":"<!-- This site is optimized with the Yoast SEO plugin v27.2 - https:\/\/yoast.com\/product\/yoast-seo-wordpress\/ -->\n<title>Fast Track - EMPRAD 2022<\/title>\n<meta name=\"robots\" content=\"index, follow, max-snippet:-1, max-image-preview:large, max-video-preview:-1\" \/>\n<link rel=\"canonical\" href=\"https:\/\/emprad.org.br\/2022\/fast-track\/\" \/>\n<meta property=\"og:locale\" content=\"pt_BR\" \/>\n<meta property=\"og:type\" content=\"article\" \/>\n<meta property=\"og:title\" content=\"Fast Track - EMPRAD 2022\" \/>\n<meta property=\"og:description\" content=\"[vc_row full_width=&#8221;stretch_row&#8221; css_animation=&#8221;fadeInUp&#8221; css=&#8221;.vc_custom_1512033341816{margin-bottom: 0px !important;padding-top: 60px !important;padding-bottom: 40px !important;background-color: #fafafa !important;}&#8221;][vc_column css=&#8221;.vc_custom_1508310024768{padding-top: 0px !important;padding-bottom: 0px !important;}&#8221;][vc_custom_heading source=&#8221;post_title&#8221; font_container=&#8221;tag:h2|font_size:32px|text_align:center&#8221; use_theme_fonts=&#8221;yes&#8221; css=&#8221;.vc_custom_1533132536753{padding-top: 0px !important;padding-bottom: 0px !important;}&#8221;][vc_column_text css=&#8221;.vc_custom_1668165279193{margin-top: 25px !important;margin-bottom: 0px !important;padding-top: 0px !important;padding-bottom: 40px !important;}&#8221;] Abaixo as revistas que participam do Fast Track do EMPRAD 2022 [\/vc_column_text][\/vc_column][\/vc_row][vc_row][vc_column][vc_column_text] Revista Site Qualis Revista Ibero-Americana de Estrat\u00e9gia -RIAE https:\/\/periodicos.uninove.br\/riae\/ [&hellip;]\" \/>\n<meta property=\"og:url\" content=\"https:\/\/emprad.org.br\/2022\/fast-track\/\" \/>\n<meta property=\"og:site_name\" content=\"EMPRAD 2022\" \/>\n<meta property=\"article:modified_time\" content=\"2023-03-14T19:32:11+00:00\" \/>\n<meta name=\"twitter:card\" content=\"summary_large_image\" \/>\n<meta name=\"twitter:label1\" content=\"Est. tempo de leitura\" \/>\n\t<meta name=\"twitter:data1\" content=\"3 minutos\" \/>\n<script type=\"application\/ld+json\" class=\"yoast-schema-graph\">{\"@context\":\"https:\/\/schema.org\",\"@graph\":[{\"@type\":\"WebPage\",\"@id\":\"https:\/\/emprad.org.br\/2022\/fast-track\/\",\"url\":\"https:\/\/emprad.org.br\/2022\/fast-track\/\",\"name\":\"Fast Track - EMPRAD 2022\",\"isPartOf\":{\"@id\":\"https:\/\/emprad.org.br\/2022\/#website\"},\"datePublished\":\"2018-08-01T13:38:20+00:00\",\"dateModified\":\"2023-03-14T19:32:11+00:00\",\"breadcrumb\":{\"@id\":\"https:\/\/emprad.org.br\/2022\/fast-track\/#breadcrumb\"},\"inLanguage\":\"pt-BR\",\"potentialAction\":[{\"@type\":\"ReadAction\",\"target\":[\"https:\/\/emprad.org.br\/2022\/fast-track\/\"]}]},{\"@type\":\"BreadcrumbList\",\"@id\":\"https:\/\/emprad.org.br\/2022\/fast-track\/#breadcrumb\",\"itemListElement\":[{\"@type\":\"ListItem\",\"position\":1,\"name\":\"In\u00edcio\",\"item\":\"https:\/\/emprad.org.br\/2022\/\"},{\"@type\":\"ListItem\",\"position\":2,\"name\":\"Fast Track\"}]},{\"@type\":\"WebSite\",\"@id\":\"https:\/\/emprad.org.br\/2022\/#website\",\"url\":\"https:\/\/emprad.org.br\/2022\/\",\"name\":\"EMPRAD 2022\",\"description\":\"Encontro dos Programas de P\u00f3s-Gradua\u00e7\u00e3o Profissionais em Administra\u00e7\u00e3o\",\"potentialAction\":[{\"@type\":\"SearchAction\",\"target\":{\"@type\":\"EntryPoint\",\"urlTemplate\":\"https:\/\/emprad.org.br\/2022\/?s={search_term_string}\"},\"query-input\":{\"@type\":\"PropertyValueSpecification\",\"valueRequired\":true,\"valueName\":\"search_term_string\"}}],\"inLanguage\":\"pt-BR\"}]}<\/script>\n<!-- \/ Yoast SEO plugin. -->","yoast_head_json":{"title":"Fast Track - EMPRAD 2022","robots":{"index":"index","follow":"follow","max-snippet":"max-snippet:-1","max-image-preview":"max-image-preview:large","max-video-preview":"max-video-preview:-1"},"canonical":"https:\/\/emprad.org.br\/2022\/fast-track\/","og_locale":"pt_BR","og_type":"article","og_title":"Fast Track - EMPRAD 2022","og_description":"[vc_row full_width=&#8221;stretch_row&#8221; css_animation=&#8221;fadeInUp&#8221; css=&#8221;.vc_custom_1512033341816{margin-bottom: 0px !important;padding-top: 60px !important;padding-bottom: 40px !important;background-color: #fafafa !important;}&#8221;][vc_column css=&#8221;.vc_custom_1508310024768{padding-top: 0px !important;padding-bottom: 0px !important;}&#8221;][vc_custom_heading source=&#8221;post_title&#8221; font_container=&#8221;tag:h2|font_size:32px|text_align:center&#8221; use_theme_fonts=&#8221;yes&#8221; css=&#8221;.vc_custom_1533132536753{padding-top: 0px !important;padding-bottom: 0px !important;}&#8221;][vc_column_text css=&#8221;.vc_custom_1668165279193{margin-top: 25px !important;margin-bottom: 0px !important;padding-top: 0px !important;padding-bottom: 40px !important;}&#8221;] Abaixo as revistas que participam do Fast Track do EMPRAD 2022 [\/vc_column_text][\/vc_column][\/vc_row][vc_row][vc_column][vc_column_text] Revista Site Qualis Revista Ibero-Americana de Estrat\u00e9gia -RIAE https:\/\/periodicos.uninove.br\/riae\/ [&hellip;]","og_url":"https:\/\/emprad.org.br\/2022\/fast-track\/","og_site_name":"EMPRAD 2022","article_modified_time":"2023-03-14T19:32:11+00:00","twitter_card":"summary_large_image","twitter_misc":{"Est. tempo de leitura":"3 minutos"},"schema":{"@context":"https:\/\/schema.org","@graph":[{"@type":"WebPage","@id":"https:\/\/emprad.org.br\/2022\/fast-track\/","url":"https:\/\/emprad.org.br\/2022\/fast-track\/","name":"Fast Track - EMPRAD 2022","isPartOf":{"@id":"https:\/\/emprad.org.br\/2022\/#website"},"datePublished":"2018-08-01T13:38:20+00:00","dateModified":"2023-03-14T19:32:11+00:00","breadcrumb":{"@id":"https:\/\/emprad.org.br\/2022\/fast-track\/#breadcrumb"},"inLanguage":"pt-BR","potentialAction":[{"@type":"ReadAction","target":["https:\/\/emprad.org.br\/2022\/fast-track\/"]}]},{"@type":"BreadcrumbList","@id":"https:\/\/emprad.org.br\/2022\/fast-track\/#breadcrumb","itemListElement":[{"@type":"ListItem","position":1,"name":"In\u00edcio","item":"https:\/\/emprad.org.br\/2022\/"},{"@type":"ListItem","position":2,"name":"Fast Track"}]},{"@type":"WebSite","@id":"https:\/\/emprad.org.br\/2022\/#website","url":"https:\/\/emprad.org.br\/2022\/","name":"EMPRAD 2022","description":"Encontro dos Programas de P\u00f3s-Gradua\u00e7\u00e3o Profissionais em Administra\u00e7\u00e3o","potentialAction":[{"@type":"SearchAction","target":{"@type":"EntryPoint","urlTemplate":"https:\/\/emprad.org.br\/2022\/?s={search_term_string}"},"query-input":{"@type":"PropertyValueSpecification","valueRequired":true,"valueName":"search_term_string"}}],"inLanguage":"pt-BR"}]}},"_links":{"self":[{"href":"https:\/\/emprad.org.br\/2022\/wp-json\/wp\/v2\/pages\/8688","targetHints":{"allow":["GET"]}}],"collection":[{"href":"https:\/\/emprad.org.br\/2022\/wp-json\/wp\/v2\/pages"}],"about":[{"href":"https:\/\/emprad.org.br\/2022\/wp-json\/wp\/v2\/types\/page"}],"author":[{"embeddable":true,"href":"https:\/\/emprad.org.br\/2022\/wp-json\/wp\/v2\/users\/1"}],"replies":[{"embeddable":true,"href":"https:\/\/emprad.org.br\/2022\/wp-json\/wp\/v2\/comments?post=8688"}],"version-history":[{"count":6,"href":"https:\/\/emprad.org.br\/2022\/wp-json\/wp\/v2\/pages\/8688\/revisions"}],"predecessor-version":[{"id":10488,"href":"https:\/\/emprad.org.br\/2022\/wp-json\/wp\/v2\/pages\/8688\/revisions\/10488"}],"wp:attachment":[{"href":"https:\/\/emprad.org.br\/2022\/wp-json\/wp\/v2\/media?parent=8688"}],"curies":[{"name":"wp","href":"https:\/\/api.w.org\/{rel}","templated":true}]}}