{"id":10454,"date":"2022-11-16T18:07:15","date_gmt":"2022-11-16T21:07:15","guid":{"rendered":"https:\/\/emprad.org.br\/2022\/?page_id=10454"},"modified":"2022-11-16T18:14:02","modified_gmt":"2022-11-16T21:14:02","slug":"lancamento-de-livros","status":"publish","type":"page","link":"https:\/\/emprad.org.br\/2022\/lancamento-de-livros\/","title":{"rendered":"Lan\u00e7amento de livros"},"content":{"rendered":"\n<figure class=\"wp-block-image size-full\"><a href=\"https:\/\/semead-br.zoom.us\/j\/86914001829?pwd=ekM1QWd3RHZXWkU0Y1R3Z1NlUkdJdz09\" target=\"_blank\" rel=\"noreferrer noopener\"><img loading=\"lazy\" decoding=\"async\" width=\"819\" height=\"2560\" src=\"https:\/\/emprad.org.br\/2022\/wp-content\/uploads\/sites\/8\/2022\/11\/lancamento-livros-emprad-1-scaled.jpg\" alt=\"\" class=\"wp-image-10458\" srcset=\"https:\/\/emprad.org.br\/2022\/wp-content\/uploads\/sites\/8\/2022\/11\/lancamento-livros-emprad-1-scaled.jpg 819w, https:\/\/emprad.org.br\/2022\/wp-content\/uploads\/sites\/8\/2022\/11\/lancamento-livros-emprad-1-96x300.jpg 96w, https:\/\/emprad.org.br\/2022\/wp-content\/uploads\/sites\/8\/2022\/11\/lancamento-livros-emprad-1-768x2402.jpg 768w, https:\/\/emprad.org.br\/2022\/wp-content\/uploads\/sites\/8\/2022\/11\/lancamento-livros-emprad-1-491x1536.jpg 491w, https:\/\/emprad.org.br\/2022\/wp-content\/uploads\/sites\/8\/2022\/11\/lancamento-livros-emprad-1-655x2048.jpg 655w\" sizes=\"auto, (max-width: 819px) 100vw, 819px\" \/><\/a><\/figure>\n\n\n\n<div class=\"wp-block-buttons is-layout-flex wp-block-buttons-is-layout-flex\"><\/div>\n","protected":false},"excerpt":{"rendered":"","protected":false},"author":1,"featured_media":0,"parent":0,"menu_order":0,"comment_status":"closed","ping_status":"closed","template":"","meta":{"inline_featured_image":false,"footnotes":""},"class_list":["post-10454","page","type-page","status-publish","hentry"],"yoast_head":"<!-- This site is optimized with the Yoast SEO plugin v27.2 - https:\/\/yoast.com\/product\/yoast-seo-wordpress\/ -->\n<title>Lan\u00e7amento de livros - EMPRAD 2022<\/title>\n<meta name=\"robots\" content=\"index, follow, max-snippet:-1, max-image-preview:large, max-video-preview:-1\" \/>\n<link rel=\"canonical\" href=\"https:\/\/emprad.org.br\/2022\/lancamento-de-livros\/\" \/>\n<meta property=\"og:locale\" content=\"pt_BR\" \/>\n<meta property=\"og:type\" content=\"article\" \/>\n<meta property=\"og:title\" content=\"Lan\u00e7amento de livros - EMPRAD 2022\" \/>\n<meta property=\"og:url\" content=\"https:\/\/emprad.org.br\/2022\/lancamento-de-livros\/\" \/>\n<meta property=\"og:site_name\" content=\"EMPRAD 2022\" \/>\n<meta property=\"article:modified_time\" content=\"2022-11-16T21:14:02+00:00\" \/>\n<meta property=\"og:image\" content=\"https:\/\/emprad.org.br\/2022\/wp-content\/uploads\/sites\/8\/2022\/11\/lancamento-livros-emprad-1-scaled.jpg\" \/>\n<meta name=\"twitter:card\" content=\"summary_large_image\" \/>\n<meta name=\"twitter:label1\" content=\"Est. tempo de leitura\" \/>\n\t<meta name=\"twitter:data1\" content=\"1 minuto\" \/>\n<script type=\"application\/ld+json\" class=\"yoast-schema-graph\">{\"@context\":\"https:\/\/schema.org\",\"@graph\":[{\"@type\":\"WebPage\",\"@id\":\"https:\/\/emprad.org.br\/2022\/lancamento-de-livros\/\",\"url\":\"https:\/\/emprad.org.br\/2022\/lancamento-de-livros\/\",\"name\":\"Lan\u00e7amento de livros - EMPRAD 2022\",\"isPartOf\":{\"@id\":\"https:\/\/emprad.org.br\/2022\/#website\"},\"primaryImageOfPage\":{\"@id\":\"https:\/\/emprad.org.br\/2022\/lancamento-de-livros\/#primaryimage\"},\"image\":{\"@id\":\"https:\/\/emprad.org.br\/2022\/lancamento-de-livros\/#primaryimage\"},\"thumbnailUrl\":\"https:\/\/emprad.org.br\/2022\/wp-content\/uploads\/sites\/8\/2022\/11\/lancamento-livros-emprad-1-scaled.jpg\",\"datePublished\":\"2022-11-16T21:07:15+00:00\",\"dateModified\":\"2022-11-16T21:14:02+00:00\",\"breadcrumb\":{\"@id\":\"https:\/\/emprad.org.br\/2022\/lancamento-de-livros\/#breadcrumb\"},\"inLanguage\":\"pt-BR\",\"potentialAction\":[{\"@type\":\"ReadAction\",\"target\":[\"https:\/\/emprad.org.br\/2022\/lancamento-de-livros\/\"]}]},{\"@type\":\"ImageObject\",\"inLanguage\":\"pt-BR\",\"@id\":\"https:\/\/emprad.org.br\/2022\/lancamento-de-livros\/#primaryimage\",\"url\":\"https:\/\/emprad.org.br\/2022\/wp-content\/uploads\/sites\/8\/2022\/11\/lancamento-livros-emprad-1-scaled.jpg\",\"contentUrl\":\"https:\/\/emprad.org.br\/2022\/wp-content\/uploads\/sites\/8\/2022\/11\/lancamento-livros-emprad-1-scaled.jpg\",\"width\":819,\"height\":2560},{\"@type\":\"BreadcrumbList\",\"@id\":\"https:\/\/emprad.org.br\/2022\/lancamento-de-livros\/#breadcrumb\",\"itemListElement\":[{\"@type\":\"ListItem\",\"position\":1,\"name\":\"In\u00edcio\",\"item\":\"https:\/\/emprad.org.br\/2022\/\"},{\"@type\":\"ListItem\",\"position\":2,\"name\":\"Lan\u00e7amento de livros\"}]},{\"@type\":\"WebSite\",\"@id\":\"https:\/\/emprad.org.br\/2022\/#website\",\"url\":\"https:\/\/emprad.org.br\/2022\/\",\"name\":\"EMPRAD 2022\",\"description\":\"Encontro dos Programas de P\u00f3s-Gradua\u00e7\u00e3o Profissionais em Administra\u00e7\u00e3o\",\"potentialAction\":[{\"@type\":\"SearchAction\",\"target\":{\"@type\":\"EntryPoint\",\"urlTemplate\":\"https:\/\/emprad.org.br\/2022\/?s={search_term_string}\"},\"query-input\":{\"@type\":\"PropertyValueSpecification\",\"valueRequired\":true,\"valueName\":\"search_term_string\"}}],\"inLanguage\":\"pt-BR\"}]}<\/script>\n<!-- \/ Yoast SEO plugin. -->","yoast_head_json":{"title":"Lan\u00e7amento de livros - EMPRAD 2022","robots":{"index":"index","follow":"follow","max-snippet":"max-snippet:-1","max-image-preview":"max-image-preview:large","max-video-preview":"max-video-preview:-1"},"canonical":"https:\/\/emprad.org.br\/2022\/lancamento-de-livros\/","og_locale":"pt_BR","og_type":"article","og_title":"Lan\u00e7amento de livros - EMPRAD 2022","og_url":"https:\/\/emprad.org.br\/2022\/lancamento-de-livros\/","og_site_name":"EMPRAD 2022","article_modified_time":"2022-11-16T21:14:02+00:00","og_image":[{"url":"https:\/\/emprad.org.br\/2022\/wp-content\/uploads\/sites\/8\/2022\/11\/lancamento-livros-emprad-1-scaled.jpg","type":"","width":"","height":""}],"twitter_card":"summary_large_image","twitter_misc":{"Est. tempo de leitura":"1 minuto"},"schema":{"@context":"https:\/\/schema.org","@graph":[{"@type":"WebPage","@id":"https:\/\/emprad.org.br\/2022\/lancamento-de-livros\/","url":"https:\/\/emprad.org.br\/2022\/lancamento-de-livros\/","name":"Lan\u00e7amento de livros - EMPRAD 2022","isPartOf":{"@id":"https:\/\/emprad.org.br\/2022\/#website"},"primaryImageOfPage":{"@id":"https:\/\/emprad.org.br\/2022\/lancamento-de-livros\/#primaryimage"},"image":{"@id":"https:\/\/emprad.org.br\/2022\/lancamento-de-livros\/#primaryimage"},"thumbnailUrl":"https:\/\/emprad.org.br\/2022\/wp-content\/uploads\/sites\/8\/2022\/11\/lancamento-livros-emprad-1-scaled.jpg","datePublished":"2022-11-16T21:07:15+00:00","dateModified":"2022-11-16T21:14:02+00:00","breadcrumb":{"@id":"https:\/\/emprad.org.br\/2022\/lancamento-de-livros\/#breadcrumb"},"inLanguage":"pt-BR","potentialAction":[{"@type":"ReadAction","target":["https:\/\/emprad.org.br\/2022\/lancamento-de-livros\/"]}]},{"@type":"ImageObject","inLanguage":"pt-BR","@id":"https:\/\/emprad.org.br\/2022\/lancamento-de-livros\/#primaryimage","url":"https:\/\/emprad.org.br\/2022\/wp-content\/uploads\/sites\/8\/2022\/11\/lancamento-livros-emprad-1-scaled.jpg","contentUrl":"https:\/\/emprad.org.br\/2022\/wp-content\/uploads\/sites\/8\/2022\/11\/lancamento-livros-emprad-1-scaled.jpg","width":819,"height":2560},{"@type":"BreadcrumbList","@id":"https:\/\/emprad.org.br\/2022\/lancamento-de-livros\/#breadcrumb","itemListElement":[{"@type":"ListItem","position":1,"name":"In\u00edcio","item":"https:\/\/emprad.org.br\/2022\/"},{"@type":"ListItem","position":2,"name":"Lan\u00e7amento de livros"}]},{"@type":"WebSite","@id":"https:\/\/emprad.org.br\/2022\/#website","url":"https:\/\/emprad.org.br\/2022\/","name":"EMPRAD 2022","description":"Encontro dos Programas de P\u00f3s-Gradua\u00e7\u00e3o Profissionais em Administra\u00e7\u00e3o","potentialAction":[{"@type":"SearchAction","target":{"@type":"EntryPoint","urlTemplate":"https:\/\/emprad.org.br\/2022\/?s={search_term_string}"},"query-input":{"@type":"PropertyValueSpecification","valueRequired":true,"valueName":"search_term_string"}}],"inLanguage":"pt-BR"}]}},"_links":{"self":[{"href":"https:\/\/emprad.org.br\/2022\/wp-json\/wp\/v2\/pages\/10454","targetHints":{"allow":["GET"]}}],"collection":[{"href":"https:\/\/emprad.org.br\/2022\/wp-json\/wp\/v2\/pages"}],"about":[{"href":"https:\/\/emprad.org.br\/2022\/wp-json\/wp\/v2\/types\/page"}],"author":[{"embeddable":true,"href":"https:\/\/emprad.org.br\/2022\/wp-json\/wp\/v2\/users\/1"}],"replies":[{"embeddable":true,"href":"https:\/\/emprad.org.br\/2022\/wp-json\/wp\/v2\/comments?post=10454"}],"version-history":[{"count":4,"href":"https:\/\/emprad.org.br\/2022\/wp-json\/wp\/v2\/pages\/10454\/revisions"}],"predecessor-version":[{"id":10459,"href":"https:\/\/emprad.org.br\/2022\/wp-json\/wp\/v2\/pages\/10454\/revisions\/10459"}],"wp:attachment":[{"href":"https:\/\/emprad.org.br\/2022\/wp-json\/wp\/v2\/media?parent=10454"}],"curies":[{"name":"wp","href":"https:\/\/api.w.org\/{rel}","templated":true}]}}