{"id":10123,"date":"2021-11-19T09:44:22","date_gmt":"2021-11-19T12:44:22","guid":{"rendered":"https:\/\/emprad.org.br\/2021\/?page_id=10123"},"modified":"2021-12-09T14:19:15","modified_gmt":"2021-12-09T17:19:15","slug":"indicados-a-premio-de-melhor-trabalho","status":"publish","type":"page","link":"https:\/\/emprad.org.br\/2021\/indicados-a-premio-de-melhor-trabalho\/","title":{"rendered":"Indicados a pr\u00eamio de melhor trabalho"},"content":{"rendered":"<table class=\"table table-bordered\">\n<thead>\n<tr>\n<th class=\"text-center\">\u00c1REA<\/th>\n<th class=\"text-center\">T\u00cdTULO<\/th>\n<th class=\"text-center\">AUTOR(ER)<\/th>\n<\/tr>\n<\/thead>\n<tbody>\n<tr>\n<td class=\"text-center align-middle\" scope=\"row\">Empreendedorismo, Tecnologia e Inova\u00e7\u00e3o<\/td>\n<td>A MUDAN\u00c7A NA EMBALAGEM PARA A SEGURAN\u00c7A DE ENVIO DE PRODUTOS ELETR\u00d4NICOS<\/td>\n<td>1 &#8211; Brendon Sandes de S\u00e1; 2 &#8211; Marco Aur\u00e9lio Sanches Fittipaldi (Centro Paula Souza &#8211; Itaquaquecetuba)<\/td>\n<\/tr>\n<tr>\n<td class=\"text-center align-middle\" scope=\"row\">Estrat\u00e9gia<\/td>\n<td>SOLUMEDI: COMO MELHORAR A GEST\u00c3O DE ATENDIMENTO POR MEIO DA COORDENA\u00c7\u00c3O DE A\u00c7\u00d5ES DE GOVERNAN\u00c7A \u00c0 LUZ DA TEORIA DOS CUSTOS DE TRANSA\u00c7\u00c3O.<\/td>\n<td>1 &#8211; Camila Nara Martinez Almeida; 2 &#8211; Leonardo Tadeu Soares; 3 &#8211; Isabella de lima Tonioli; 4 &#8211; Adilson Aderito da Silva (Mackenzie)<\/td>\n<\/tr>\n<tr>\n<td class=\"text-center align-middle\" scope=\"row\">Finan\u00e7as<\/td>\n<td>GREEN BONDS E O DESENVOLVIMENTO SUSTENT\u00c1VEL<\/td>\n<td>1 &#8211; Sandro Marostica (FEA-USP)<\/td>\n<\/tr>\n<tr>\n<td class=\"text-center align-middle\" rowspan=\"2\">Gest\u00e3o de Pessoas nas Organiza\u00e7\u00f5es<\/td>\n<td>A RELA\u00c7\u00c3O ENTRE O GOAL ORIENTATION E O SUCESSO DE PROJETOS<\/td>\n<td>1 &#8211; Tawnee Gomes Chies; 2 &#8211; Marcos Rog\u00e9rio Mazieri (UNINOVE)<\/td>\n<\/tr>\n<tr>\n<td>A TEORIA DAS INTELIG\u00caNCIAS M\u00daLTIPLAS: O APRENDIZADO COMO ESTRAT\u00c9GIA PARA OBTEN\u00c7\u00c3O DE VANTAGEM COMPETITIVA<\/td>\n<td>1 &#8211; Francisco Fernandes da Costa Souza; 2 &#8211; Elaine Yaskara de Melo Jinkings (Universidade do Estado do Amazonas &#8211; UEA)<\/td>\n<\/tr>\n<tr>\n<td class=\"text-center align-middle\" rowspan=\"2\">Gest\u00e3o Socioambiental<\/td>\n<td>A DIN\u00c2MICA DA TERRITORIALIDADE: O DILEMA ENTRE A ATIVIDADE AGR\u00cdCOLA E O MANEJO FLORESTAL EM COMUNIDADES AGROEXTRATIVISTAS DE SANTAR\u00c9M\/PA<\/td>\n<td>1- Carla Kelen de Andrade Moraes (Est\u00e1cio Bel\u00e9m &#8211; Governador Jos\u00e9 Malcher)<\/td>\n<\/tr>\n<tr>\n<td>A\u00c7\u00d5ES DE CRIA\u00c7\u00c3O DE VALOR COMPARTILHADO NAS GRANDES INSTITUI\u00c7\u00d5ES BANC\u00c1RIAS P\u00daBLICAS E PRIVADAS NO BRASIL EM TEMPO DE PANDEMIA DA COVID-19<\/td>\n<td>1 &#8211; Allyany Hipolito Leal Dos Santos; 2 &#8211; Sergio Henrique Arruda Cavalcante Forte (UNIFOR)<\/td>\n<\/tr>\n<tr>\n<td class=\"text-center align-middle\" rowspan=\"2\">Marketing<\/td>\n<td>OS ANTECEDENTES DO TOP OF MIND DE MARCAS DE ELETRODOM\u00c9STICOS<\/td>\n<td>1 &#8211; Francisco Emerson da Silva; 2 &#8211; Mac\u00e1rio Neri Ferreira Neto; 3 &#8211; Jos\u00e9 Sarto Freire Castelo; 4 &#8211; Nadir Souza Saleri; 5 &#8211; Hueliton Rocha Sampaio (Universidade de Fortaleza &#8211; UNIFOR)<\/td>\n<\/tr>\n<tr>\n<td>ESTUDO SOBRE A RELA\u00c7\u00c3O DO PRE\u00c7O E DOS GASTOS COM PROPAGANDA COM O TOP OF MIND DAS MARCAS DE CERVEJA COM MAIOR MARKET SHARE NO MERCADO BRASILEIRO<\/td>\n<td>1 &#8211; Kayline da Silva Gomes Moreira; Gabriel de Sousa Rodrigues; Luan Matias Rocha; Marcus Ant\u00f4nio Cunha Bezerra; 5 &#8211; Jos\u00e9 Sarto Freire Castelo (Universidade de Fortaleza &#8211; UNIFOR)<\/td>\n<\/tr>\n<tr>\n<td class=\"text-center align-middle\" scope=\"row\">Opera\u00e7\u00f5es<\/td>\n<td>INFLU\u00caNCIA DAS TECNOLOGIAS HABILITADORAS DA IND\u00daSTRIA 4.0 SOBRE A SUSTENTABILIDADE: ENFOQUE NO TRIPPLE BOTTOM LINE<\/td>\n<td>1 &#8211; Elaine Silva; 2 &#8211; Gabriela Scur<\/td>\n<\/tr>\n<\/tbody>\n<\/table>\n<p>[vc_row][vc_column][vc_row_inner][vc_column_inner][vc_custom_heading text=&#8221;<strong>APOIO<\/strong>&#8221; font_container=&#8221;tag:h4|text_align:center&#8221; use_theme_fonts=&#8221;yes&#8221;][\/vc_column_inner][\/vc_row_inner][vc_row_inner][vc_column_inner width=&#8221;1\/5&#8243;][vc_single_image image=&#8221;9832&#8243; img_size=&#8221;200&#215;200&#8243;][\/vc_column_inner][vc_column_inner width=&#8221;1\/5&#8243;][vc_single_image image=&#8221;8545&#8243; img_size=&#8221;200&#215;200&#8243;][\/vc_column_inner][vc_column_inner width=&#8221;1\/5&#8243;][vc_single_image image=&#8221;9830&#8243; img_size=&#8221;200&#215;200&#8243;][\/vc_column_inner][vc_column_inner width=&#8221;1\/5&#8243;][vc_single_image image=&#8221;9947&#8243; img_size=&#8221;200&#215;200&#8243;][\/vc_column_inner][vc_column_inner width=&#8221;1\/5&#8243;][vc_single_image image=&#8221;8544&#8243; img_size=&#8221;200&#215;200&#8243;][\/vc_column_inner][\/vc_row_inner][\/vc_column][\/vc_row][vc_row][vc_column][vc_row_inner][vc_column_inner][vc_custom_heading text=&#8221;<strong>PARCEIROS<\/strong>&#8221; font_container=&#8221;tag:h4|text_align:center&#8221; use_theme_fonts=&#8221;yes&#8221;][\/vc_column_inner][\/vc_row_inner][vc_row_inner][vc_column_inner width=&#8221;1\/6&#8243;][vc_single_image image=&#8221;9832&#8243; img_size=&#8221;200&#215;200&#8243;][\/vc_column_inner][vc_column_inner width=&#8221;1\/6&#8243;][vc_single_image image=&#8221;9841&#8243; img_size=&#8221;200&#215;200&#8243;][\/vc_column_inner][vc_column_inner width=&#8221;1\/6&#8243;][vc_single_image image=&#8221;8546&#8243; img_size=&#8221;200&#215;200&#8243;][\/vc_column_inner][vc_column_inner width=&#8221;1\/6&#8243;][vc_single_image image=&#8221;9834&#8243; img_size=&#8221;200&#215;200&#8243;][\/vc_column_inner][vc_column_inner width=&#8221;1\/6&#8243;][vc_single_image image=&#8221;8545&#8243; img_size=&#8221;200&#215;200&#8243;][\/vc_column_inner][vc_column_inner width=&#8221;1\/6&#8243;][vc_single_image image=&#8221;9830&#8243; img_size=&#8221;200&#215;200&#8243;][\/vc_column_inner][\/vc_row_inner][vc_row_inner][vc_column_inner width=&#8221;1\/6&#8243;][vc_single_image image=&#8221;8544&#8243; img_size=&#8221;200&#215;200&#8243;][\/vc_column_inner][vc_column_inner width=&#8221;1\/6&#8243;][vc_single_image image=&#8221;8543&#8243; img_size=&#8221;200&#215;200&#8243;][\/vc_column_inner][vc_column_inner width=&#8221;1\/6&#8243;][\/vc_column_inner][vc_column_inner width=&#8221;1\/6&#8243;][\/vc_column_inner][vc_column_inner width=&#8221;1\/6&#8243;][\/vc_column_inner][vc_column_inner width=&#8221;1\/6&#8243;][\/vc_column_inner][\/vc_row_inner][\/vc_column][\/vc_row]<\/p>\n","protected":false},"excerpt":{"rendered":"<p>\u00c1REA T\u00cdTULO AUTOR(ER) Empreendedorismo, Tecnologia e Inova\u00e7\u00e3o A MUDAN\u00c7A NA EMBALAGEM PARA A SEGURAN\u00c7A DE ENVIO DE PRODUTOS ELETR\u00d4NICOS 1 &#8211; Brendon Sandes de S\u00e1; 2 &#8211; Marco Aur\u00e9lio Sanches Fittipaldi (Centro Paula Souza &#8211; Itaquaquecetuba) Estrat\u00e9gia SOLUMEDI: COMO MELHORAR A GEST\u00c3O DE ATENDIMENTO POR MEIO DA COORDENA\u00c7\u00c3O DE A\u00c7\u00d5ES DE GOVERNAN\u00c7A \u00c0 LUZ DA [&hellip;]<\/p>\n","protected":false},"author":1,"featured_media":0,"parent":0,"menu_order":0,"comment_status":"closed","ping_status":"closed","template":"","meta":{"inline_featured_image":false,"footnotes":""},"class_list":["post-10123","page","type-page","status-publish","hentry"],"yoast_head":"<!-- This site is optimized with the Yoast SEO plugin v27.2 - https:\/\/yoast.com\/product\/yoast-seo-wordpress\/ -->\n<title>Indicados a pr\u00eamio de melhor trabalho - EMPRAD 2021<\/title>\n<meta name=\"robots\" content=\"index, follow, max-snippet:-1, max-image-preview:large, max-video-preview:-1\" \/>\n<link rel=\"canonical\" href=\"https:\/\/emprad.org.br\/2021\/indicados-a-premio-de-melhor-trabalho\/\" \/>\n<meta property=\"og:locale\" content=\"pt_BR\" \/>\n<meta property=\"og:type\" content=\"article\" \/>\n<meta property=\"og:title\" content=\"Indicados a pr\u00eamio de melhor trabalho - EMPRAD 2021\" \/>\n<meta property=\"og:description\" content=\"\u00c1REA T\u00cdTULO AUTOR(ER) Empreendedorismo, Tecnologia e Inova\u00e7\u00e3o A MUDAN\u00c7A NA EMBALAGEM PARA A SEGURAN\u00c7A DE ENVIO DE PRODUTOS ELETR\u00d4NICOS 1 &#8211; Brendon Sandes de S\u00e1; 2 &#8211; Marco Aur\u00e9lio Sanches Fittipaldi (Centro Paula Souza &#8211; Itaquaquecetuba) Estrat\u00e9gia SOLUMEDI: COMO MELHORAR A GEST\u00c3O DE ATENDIMENTO POR MEIO DA COORDENA\u00c7\u00c3O DE A\u00c7\u00d5ES DE GOVERNAN\u00c7A \u00c0 LUZ DA [&hellip;]\" \/>\n<meta property=\"og:url\" content=\"https:\/\/emprad.org.br\/2021\/indicados-a-premio-de-melhor-trabalho\/\" \/>\n<meta property=\"og:site_name\" content=\"EMPRAD 2021\" \/>\n<meta property=\"article:modified_time\" content=\"2021-12-09T17:19:15+00:00\" \/>\n<meta name=\"twitter:card\" content=\"summary_large_image\" \/>\n<meta name=\"twitter:label1\" content=\"Est. tempo de leitura\" \/>\n\t<meta name=\"twitter:data1\" content=\"2 minutos\" \/>\n<script type=\"application\/ld+json\" class=\"yoast-schema-graph\">{\"@context\":\"https:\/\/schema.org\",\"@graph\":[{\"@type\":\"WebPage\",\"@id\":\"https:\/\/emprad.org.br\/2021\/indicados-a-premio-de-melhor-trabalho\/\",\"url\":\"https:\/\/emprad.org.br\/2021\/indicados-a-premio-de-melhor-trabalho\/\",\"name\":\"Indicados a pr\u00eamio de melhor trabalho - EMPRAD 2021\",\"isPartOf\":{\"@id\":\"https:\/\/emprad.org.br\/2021\/#website\"},\"datePublished\":\"2021-11-19T12:44:22+00:00\",\"dateModified\":\"2021-12-09T17:19:15+00:00\",\"breadcrumb\":{\"@id\":\"https:\/\/emprad.org.br\/2021\/indicados-a-premio-de-melhor-trabalho\/#breadcrumb\"},\"inLanguage\":\"pt-BR\",\"potentialAction\":[{\"@type\":\"ReadAction\",\"target\":[\"https:\/\/emprad.org.br\/2021\/indicados-a-premio-de-melhor-trabalho\/\"]}]},{\"@type\":\"BreadcrumbList\",\"@id\":\"https:\/\/emprad.org.br\/2021\/indicados-a-premio-de-melhor-trabalho\/#breadcrumb\",\"itemListElement\":[{\"@type\":\"ListItem\",\"position\":1,\"name\":\"In\u00edcio\",\"item\":\"https:\/\/emprad.org.br\/2021\/\"},{\"@type\":\"ListItem\",\"position\":2,\"name\":\"Indicados a pr\u00eamio de melhor trabalho\"}]},{\"@type\":\"WebSite\",\"@id\":\"https:\/\/emprad.org.br\/2021\/#website\",\"url\":\"https:\/\/emprad.org.br\/2021\/\",\"name\":\"EMPRAD 2021\",\"description\":\"Encontro dos Programas de P\u00f3s-Gradua\u00e7\u00e3o Profissionais em Administra\u00e7\u00e3o\",\"potentialAction\":[{\"@type\":\"SearchAction\",\"target\":{\"@type\":\"EntryPoint\",\"urlTemplate\":\"https:\/\/emprad.org.br\/2021\/?s={search_term_string}\"},\"query-input\":{\"@type\":\"PropertyValueSpecification\",\"valueRequired\":true,\"valueName\":\"search_term_string\"}}],\"inLanguage\":\"pt-BR\"}]}<\/script>\n<!-- \/ Yoast SEO plugin. -->","yoast_head_json":{"title":"Indicados a pr\u00eamio de melhor trabalho - EMPRAD 2021","robots":{"index":"index","follow":"follow","max-snippet":"max-snippet:-1","max-image-preview":"max-image-preview:large","max-video-preview":"max-video-preview:-1"},"canonical":"https:\/\/emprad.org.br\/2021\/indicados-a-premio-de-melhor-trabalho\/","og_locale":"pt_BR","og_type":"article","og_title":"Indicados a pr\u00eamio de melhor trabalho - EMPRAD 2021","og_description":"\u00c1REA T\u00cdTULO AUTOR(ER) Empreendedorismo, Tecnologia e Inova\u00e7\u00e3o A MUDAN\u00c7A NA EMBALAGEM PARA A SEGURAN\u00c7A DE ENVIO DE PRODUTOS ELETR\u00d4NICOS 1 &#8211; Brendon Sandes de S\u00e1; 2 &#8211; Marco Aur\u00e9lio Sanches Fittipaldi (Centro Paula Souza &#8211; Itaquaquecetuba) Estrat\u00e9gia SOLUMEDI: COMO MELHORAR A GEST\u00c3O DE ATENDIMENTO POR MEIO DA COORDENA\u00c7\u00c3O DE A\u00c7\u00d5ES DE GOVERNAN\u00c7A \u00c0 LUZ DA [&hellip;]","og_url":"https:\/\/emprad.org.br\/2021\/indicados-a-premio-de-melhor-trabalho\/","og_site_name":"EMPRAD 2021","article_modified_time":"2021-12-09T17:19:15+00:00","twitter_card":"summary_large_image","twitter_misc":{"Est. tempo de leitura":"2 minutos"},"schema":{"@context":"https:\/\/schema.org","@graph":[{"@type":"WebPage","@id":"https:\/\/emprad.org.br\/2021\/indicados-a-premio-de-melhor-trabalho\/","url":"https:\/\/emprad.org.br\/2021\/indicados-a-premio-de-melhor-trabalho\/","name":"Indicados a pr\u00eamio de melhor trabalho - EMPRAD 2021","isPartOf":{"@id":"https:\/\/emprad.org.br\/2021\/#website"},"datePublished":"2021-11-19T12:44:22+00:00","dateModified":"2021-12-09T17:19:15+00:00","breadcrumb":{"@id":"https:\/\/emprad.org.br\/2021\/indicados-a-premio-de-melhor-trabalho\/#breadcrumb"},"inLanguage":"pt-BR","potentialAction":[{"@type":"ReadAction","target":["https:\/\/emprad.org.br\/2021\/indicados-a-premio-de-melhor-trabalho\/"]}]},{"@type":"BreadcrumbList","@id":"https:\/\/emprad.org.br\/2021\/indicados-a-premio-de-melhor-trabalho\/#breadcrumb","itemListElement":[{"@type":"ListItem","position":1,"name":"In\u00edcio","item":"https:\/\/emprad.org.br\/2021\/"},{"@type":"ListItem","position":2,"name":"Indicados a pr\u00eamio de melhor trabalho"}]},{"@type":"WebSite","@id":"https:\/\/emprad.org.br\/2021\/#website","url":"https:\/\/emprad.org.br\/2021\/","name":"EMPRAD 2021","description":"Encontro dos Programas de P\u00f3s-Gradua\u00e7\u00e3o Profissionais em Administra\u00e7\u00e3o","potentialAction":[{"@type":"SearchAction","target":{"@type":"EntryPoint","urlTemplate":"https:\/\/emprad.org.br\/2021\/?s={search_term_string}"},"query-input":{"@type":"PropertyValueSpecification","valueRequired":true,"valueName":"search_term_string"}}],"inLanguage":"pt-BR"}]}},"_links":{"self":[{"href":"https:\/\/emprad.org.br\/2021\/wp-json\/wp\/v2\/pages\/10123","targetHints":{"allow":["GET"]}}],"collection":[{"href":"https:\/\/emprad.org.br\/2021\/wp-json\/wp\/v2\/pages"}],"about":[{"href":"https:\/\/emprad.org.br\/2021\/wp-json\/wp\/v2\/types\/page"}],"author":[{"embeddable":true,"href":"https:\/\/emprad.org.br\/2021\/wp-json\/wp\/v2\/users\/1"}],"replies":[{"embeddable":true,"href":"https:\/\/emprad.org.br\/2021\/wp-json\/wp\/v2\/comments?post=10123"}],"version-history":[{"count":10,"href":"https:\/\/emprad.org.br\/2021\/wp-json\/wp\/v2\/pages\/10123\/revisions"}],"predecessor-version":[{"id":10181,"href":"https:\/\/emprad.org.br\/2021\/wp-json\/wp\/v2\/pages\/10123\/revisions\/10181"}],"wp:attachment":[{"href":"https:\/\/emprad.org.br\/2021\/wp-json\/wp\/v2\/media?parent=10123"}],"curies":[{"name":"wp","href":"https:\/\/api.w.org\/{rel}","templated":true}]}}