{"id":9661,"date":"2020-11-13T15:35:20","date_gmt":"2020-11-13T18:35:20","guid":{"rendered":"https:\/\/emprad.org.br\/2020\/?page_id=9661"},"modified":"2020-11-13T15:54:21","modified_gmt":"2020-11-13T18:54:21","slug":"instrucoes-para-moderadores","status":"publish","type":"page","link":"https:\/\/emprad.org.br\/2020\/instrucoes-para-moderadores\/","title":{"rendered":"Instru\u00e7\u00f5es para Moderadores"},"content":{"rendered":"\n<p>Prezados Moderadores<\/p>\n\n\n\n<p>Obrigado por colaborar com o Emprad. <\/p>\n\n\n\n<p>Abaixo algumas instru\u00e7\u00f5es \u00fateis para a sua sess\u00e3o:<\/p>\n\n\n\n<p>As sess\u00f5es de apresenta\u00e7\u00e3o de trabalho ser\u00e3o realizadas atrav\u00e9s do software ZOOM<\/p>\n\n\n\n<p>Caso nunca tenha utilizado o Zoom, voc\u00ea precisar\u00e1 instal\u00e1-lo em seu computador PC\/Notebook ou Smartphone (iOS e Android).<\/p>\n\n\n\n<p>Abaixo link para instala\u00e7\u00e3o<\/p>\n\n\n\n<p>Windows: <a href=\"https:\/\/zoom.us\/client\/latest\/ZoomInstaller.exe\">https:\/\/zoom.us\/client\/latest\/ZoomInstaller.exe<\/a><\/p>\n\n\n\n<p>Macintosh: <a href=\"https:\/\/support.zoom.us\/hc\/en-us\/articles\/203020795-How-To-Install-on-Mac\">https:\/\/support.zoom.us\/hc\/en-us\/articles\/203020795-How-To-Install-on-Mac<\/a><\/p>\n\n\n\n<p>Android: <a href=\"https:\/\/play.google.com\/store\/apps\/details?id=us.zoom.videomeetings\">https:\/\/play.google.com\/store\/apps\/details?id=us.zoom.videomeetings<\/a><\/p>\n\n\n\n<p>Iphone: <a href=\"https:\/\/itunes.apple.com\/us\/app\/id546505307\">https:\/\/itunes.apple.com\/us\/app\/id546505307<\/a><a href=\"#_msocom_1\">[FD1]<\/a>&nbsp;<\/p>\n\n\n\n<p>O link para acesso \u00e0 sala estar\u00e1 dispon\u00edvel no endere\u00e7o: <\/p>\n\n\n\n<p><a href=\"http:\/\/sistema.emprad.org.br\/2020\/programacao\/\">http:\/\/sistema.emprad.org.br\/2020\/programacao\/<\/a><\/p>\n\n\n\n<p>A abertura da sala ser\u00e1 realizada pela equipe t\u00e9cnica do Emprad<\/p>\n\n\n\n<p>Sugerimos que voc\u00ea entre na sala virtual com 15 minutos de anteced\u00eancia para que testes t\u00e9cnicos possam ser realizados. <\/p>\n\n\n\n<p>Um assistente do Emprad ent\u00e3o lhe passar\u00e1 o host da sala do Zoom e ent\u00e3o voc\u00ea ter\u00e1 o controle completo de sua sala.<\/p>\n\n\n\n<p>Com o controle da sala voc\u00ea poder\u00e1 entre outras atividades:<br>&#8211; Silenciar os participante<br>&#8211; Desligar a c\u00e2mera dos participantes &#8211; <br>&#8211; Encerrar o compartilhamento de tela de um participante<br>&#8211; Banir um usu\u00e1rio da sala<\/p>\n\n\n\n<p>Para consultar a lista de todos os recursos, acesse:  https:\/\/support.zoom.us\/hc\/pt-br\/articles\/201362603-Controles-do-anfitri%C3%A3o-em-uma-reuni%C3%A3o<\/p>\n\n\n\n<p>Assista tamb\u00e9m o v\u00eddeo demonstrativo:<\/p>\n\n\n\n<figure class=\"wp-block-embed-youtube wp-block-embed is-type-video is-provider-youtube wp-embed-aspect-16-9 wp-has-aspect-ratio\"><div class=\"wp-block-embed__wrapper\">\n<iframe loading=\"lazy\" title=\"Gerenciar uma reuni\u00e3o\" width=\"640\" height=\"360\" src=\"https:\/\/www.youtube.com\/embed\/V8qSMgcBK8w?feature=oembed\" frameborder=\"0\" allow=\"accelerometer; autoplay; clipboard-write; encrypted-media; gyroscope; picture-in-picture; web-share\" referrerpolicy=\"strict-origin-when-cross-origin\" allowfullscreen><\/iframe>\n<\/div><\/figure>\n\n\n\n<hr class=\"wp-block-separator\"\/>\n\n\n\n<p>Teremos um assistente de apoio no evento, caso necessite chame-o, o contato ser\u00e1 passado na abertura da sala.<\/p>\n\n\n\n<p>N\u00e3o se esque\u00e7a de preencher o o formul\u00e1rio de modera\u00e7\u00e3o\u00a0recebido por e-mail e nos enviar logo ap\u00f3s o t\u00e9rmino da sess\u00e3o, atrav\u00e9s do e-mail:\u00a0<a href=\"mailto:mpe@usp.br\" target=\"_blank\" rel=\"noreferrer noopener\">mpe@usp.br<\/a>. Caso n\u00e3o tenha recebido o formul\u00e1rio, entre em contrato.<\/p>\n\n\n\n<p>O autor ter\u00e1 15 minutos para apresenta\u00e7\u00e3o e ap\u00f3s o debate ser\u00e1 de 5 minutos, caso n\u00e3o haja nenhuma pergunta para o(s) autor(es), pedimos ao&nbsp;moderador&nbsp;que fa\u00e7a a pergunta;<\/p>\n\n\n\n<p>Avise o autor quando faltar 3 minutos para o t\u00e9rmino da apresenta\u00e7\u00e3o;<\/p>\n\n\n\n<p>Desejamos a todos um \u00f3timo evento, qualquer d\u00favida entre em contato atrav\u00e9s do e-mail <a href=\"mailto:mpe@usp.br\">mpe@usp.br<\/a><\/p>\n\n\n\n<hr class=\"wp-block-separator\"\/>\n","protected":false},"excerpt":{"rendered":"<p>Prezados Moderadores Obrigado por colaborar com o Emprad. Abaixo algumas instru\u00e7\u00f5es \u00fateis para a sua sess\u00e3o: As sess\u00f5es de apresenta\u00e7\u00e3o de trabalho ser\u00e3o realizadas atrav\u00e9s do software ZOOM Caso nunca tenha utilizado o Zoom, voc\u00ea precisar\u00e1 instal\u00e1-lo em seu computador PC\/Notebook ou Smartphone (iOS e Android). Abaixo link para instala\u00e7\u00e3o Windows: https:\/\/zoom.us\/client\/latest\/ZoomInstaller.exe Macintosh: https:\/\/support.zoom.us\/hc\/en-us\/articles\/203020795-How-To-Install-on-Mac Android: [&hellip;]<\/p>\n","protected":false},"author":1,"featured_media":0,"parent":0,"menu_order":0,"comment_status":"closed","ping_status":"closed","template":"","meta":{"inline_featured_image":false,"footnotes":""},"class_list":["post-9661","page","type-page","status-publish","hentry"],"yoast_head":"<!-- This site is optimized with the Yoast SEO plugin v27.2 - https:\/\/yoast.com\/product\/yoast-seo-wordpress\/ -->\n<title>Instru\u00e7\u00f5es para Moderadores - EMPRAD 2020<\/title>\n<meta name=\"robots\" content=\"index, follow, max-snippet:-1, max-image-preview:large, max-video-preview:-1\" \/>\n<link rel=\"canonical\" href=\"https:\/\/emprad.org.br\/2020\/instrucoes-para-moderadores\/\" \/>\n<meta property=\"og:locale\" content=\"pt_BR\" \/>\n<meta property=\"og:type\" content=\"article\" \/>\n<meta property=\"og:title\" content=\"Instru\u00e7\u00f5es para Moderadores - EMPRAD 2020\" \/>\n<meta property=\"og:description\" content=\"Prezados Moderadores Obrigado por colaborar com o Emprad. Abaixo algumas instru\u00e7\u00f5es \u00fateis para a sua sess\u00e3o: As sess\u00f5es de apresenta\u00e7\u00e3o de trabalho ser\u00e3o realizadas atrav\u00e9s do software ZOOM Caso nunca tenha utilizado o Zoom, voc\u00ea precisar\u00e1 instal\u00e1-lo em seu computador PC\/Notebook ou Smartphone (iOS e Android). Abaixo link para instala\u00e7\u00e3o Windows: https:\/\/zoom.us\/client\/latest\/ZoomInstaller.exe Macintosh: https:\/\/support.zoom.us\/hc\/en-us\/articles\/203020795-How-To-Install-on-Mac Android: [&hellip;]\" \/>\n<meta property=\"og:url\" content=\"https:\/\/emprad.org.br\/2020\/instrucoes-para-moderadores\/\" \/>\n<meta property=\"og:site_name\" content=\"EMPRAD 2020\" \/>\n<meta property=\"article:modified_time\" content=\"2020-11-13T18:54:21+00:00\" \/>\n<meta name=\"twitter:card\" content=\"summary_large_image\" \/>\n<meta name=\"twitter:label1\" content=\"Est. tempo de leitura\" \/>\n\t<meta name=\"twitter:data1\" content=\"2 minutos\" \/>\n<script type=\"application\/ld+json\" class=\"yoast-schema-graph\">{\"@context\":\"https:\/\/schema.org\",\"@graph\":[{\"@type\":\"WebPage\",\"@id\":\"https:\/\/emprad.org.br\/2020\/instrucoes-para-moderadores\/\",\"url\":\"https:\/\/emprad.org.br\/2020\/instrucoes-para-moderadores\/\",\"name\":\"Instru\u00e7\u00f5es para Moderadores - EMPRAD 2020\",\"isPartOf\":{\"@id\":\"https:\/\/emprad.org.br\/2020\/#website\"},\"datePublished\":\"2020-11-13T18:35:20+00:00\",\"dateModified\":\"2020-11-13T18:54:21+00:00\",\"breadcrumb\":{\"@id\":\"https:\/\/emprad.org.br\/2020\/instrucoes-para-moderadores\/#breadcrumb\"},\"inLanguage\":\"pt-BR\",\"potentialAction\":[{\"@type\":\"ReadAction\",\"target\":[\"https:\/\/emprad.org.br\/2020\/instrucoes-para-moderadores\/\"]}]},{\"@type\":\"BreadcrumbList\",\"@id\":\"https:\/\/emprad.org.br\/2020\/instrucoes-para-moderadores\/#breadcrumb\",\"itemListElement\":[{\"@type\":\"ListItem\",\"position\":1,\"name\":\"In\u00edcio\",\"item\":\"https:\/\/emprad.org.br\/2020\/\"},{\"@type\":\"ListItem\",\"position\":2,\"name\":\"Instru\u00e7\u00f5es para Moderadores\"}]},{\"@type\":\"WebSite\",\"@id\":\"https:\/\/emprad.org.br\/2020\/#website\",\"url\":\"https:\/\/emprad.org.br\/2020\/\",\"name\":\"EMPRAD 2020\",\"description\":\"Encontro dos Programas de P\u00f3s-Gradua\u00e7\u00e3o Profissionais em Administra\u00e7\u00e3o\",\"potentialAction\":[{\"@type\":\"SearchAction\",\"target\":{\"@type\":\"EntryPoint\",\"urlTemplate\":\"https:\/\/emprad.org.br\/2020\/?s={search_term_string}\"},\"query-input\":{\"@type\":\"PropertyValueSpecification\",\"valueRequired\":true,\"valueName\":\"search_term_string\"}}],\"inLanguage\":\"pt-BR\"}]}<\/script>\n<!-- \/ Yoast SEO plugin. -->","yoast_head_json":{"title":"Instru\u00e7\u00f5es para Moderadores - EMPRAD 2020","robots":{"index":"index","follow":"follow","max-snippet":"max-snippet:-1","max-image-preview":"max-image-preview:large","max-video-preview":"max-video-preview:-1"},"canonical":"https:\/\/emprad.org.br\/2020\/instrucoes-para-moderadores\/","og_locale":"pt_BR","og_type":"article","og_title":"Instru\u00e7\u00f5es para Moderadores - EMPRAD 2020","og_description":"Prezados Moderadores Obrigado por colaborar com o Emprad. Abaixo algumas instru\u00e7\u00f5es \u00fateis para a sua sess\u00e3o: As sess\u00f5es de apresenta\u00e7\u00e3o de trabalho ser\u00e3o realizadas atrav\u00e9s do software ZOOM Caso nunca tenha utilizado o Zoom, voc\u00ea precisar\u00e1 instal\u00e1-lo em seu computador PC\/Notebook ou Smartphone (iOS e Android). Abaixo link para instala\u00e7\u00e3o Windows: https:\/\/zoom.us\/client\/latest\/ZoomInstaller.exe Macintosh: https:\/\/support.zoom.us\/hc\/en-us\/articles\/203020795-How-To-Install-on-Mac Android: [&hellip;]","og_url":"https:\/\/emprad.org.br\/2020\/instrucoes-para-moderadores\/","og_site_name":"EMPRAD 2020","article_modified_time":"2020-11-13T18:54:21+00:00","twitter_card":"summary_large_image","twitter_misc":{"Est. tempo de leitura":"2 minutos"},"schema":{"@context":"https:\/\/schema.org","@graph":[{"@type":"WebPage","@id":"https:\/\/emprad.org.br\/2020\/instrucoes-para-moderadores\/","url":"https:\/\/emprad.org.br\/2020\/instrucoes-para-moderadores\/","name":"Instru\u00e7\u00f5es para Moderadores - EMPRAD 2020","isPartOf":{"@id":"https:\/\/emprad.org.br\/2020\/#website"},"datePublished":"2020-11-13T18:35:20+00:00","dateModified":"2020-11-13T18:54:21+00:00","breadcrumb":{"@id":"https:\/\/emprad.org.br\/2020\/instrucoes-para-moderadores\/#breadcrumb"},"inLanguage":"pt-BR","potentialAction":[{"@type":"ReadAction","target":["https:\/\/emprad.org.br\/2020\/instrucoes-para-moderadores\/"]}]},{"@type":"BreadcrumbList","@id":"https:\/\/emprad.org.br\/2020\/instrucoes-para-moderadores\/#breadcrumb","itemListElement":[{"@type":"ListItem","position":1,"name":"In\u00edcio","item":"https:\/\/emprad.org.br\/2020\/"},{"@type":"ListItem","position":2,"name":"Instru\u00e7\u00f5es para Moderadores"}]},{"@type":"WebSite","@id":"https:\/\/emprad.org.br\/2020\/#website","url":"https:\/\/emprad.org.br\/2020\/","name":"EMPRAD 2020","description":"Encontro dos Programas de P\u00f3s-Gradua\u00e7\u00e3o Profissionais em Administra\u00e7\u00e3o","potentialAction":[{"@type":"SearchAction","target":{"@type":"EntryPoint","urlTemplate":"https:\/\/emprad.org.br\/2020\/?s={search_term_string}"},"query-input":{"@type":"PropertyValueSpecification","valueRequired":true,"valueName":"search_term_string"}}],"inLanguage":"pt-BR"}]}},"_links":{"self":[{"href":"https:\/\/emprad.org.br\/2020\/wp-json\/wp\/v2\/pages\/9661","targetHints":{"allow":["GET"]}}],"collection":[{"href":"https:\/\/emprad.org.br\/2020\/wp-json\/wp\/v2\/pages"}],"about":[{"href":"https:\/\/emprad.org.br\/2020\/wp-json\/wp\/v2\/types\/page"}],"author":[{"embeddable":true,"href":"https:\/\/emprad.org.br\/2020\/wp-json\/wp\/v2\/users\/1"}],"replies":[{"embeddable":true,"href":"https:\/\/emprad.org.br\/2020\/wp-json\/wp\/v2\/comments?post=9661"}],"version-history":[{"count":0,"href":"https:\/\/emprad.org.br\/2020\/wp-json\/wp\/v2\/pages\/9661\/revisions"}],"wp:attachment":[{"href":"https:\/\/emprad.org.br\/2020\/wp-json\/wp\/v2\/media?parent=9661"}],"curies":[{"name":"wp","href":"https:\/\/api.w.org\/{rel}","templated":true}]}}

Instruções para Moderadores

<p>Prezados Moderadores</p>



<p>Obrigado por colaborar com o Emprad. </p>



<p>Abaixo algumas instruções úteis para a sua sessão:</p>



<p>As sessões de apresentação de trabalho serão realizadas através do software ZOOM</p>



<p>Caso nunca tenha utilizado o Zoom, você precisará instalá-lo em seu computador PC/Notebook ou Smartphone (iOS e Android).</p>



<p>Abaixo link para instalação</p>



<p>Windows: <a href="https://zoom.us/client/latest/ZoomInstaller.exe">https://zoom.us/client/latest/ZoomInstaller.exe</a></p>



<p>Macintosh: <a href="https://support.zoom.us/hc/en-us/articles/203020795-How-To-Install-on-Mac">https://support.zoom.us/hc/en-us/articles/203020795-How-To-Install-on-Mac</a></p>



<p>Android: <a href="https://play.google.com/store/apps/details?id=us.zoom.videomeetings">https://play.google.com/store/apps/details?id=us.zoom.videomeetings</a></p>



<p>Iphone: <a href="https://itunes.apple.com/us/app/id546505307">https://itunes.apple.com/us/app/id546505307</a><a href="#_msocom_1">[FD1]</a>&nbsp;</p>



<p>O link para acesso à sala estará disponível no endereço: </p>



<p><a href="http://sistema.emprad.org.br/2020/programacao/">http://sistema.emprad.org.br/2020/programacao/</a></p>



<p>A abertura da sala será realizada pela equipe técnica do Emprad</p>



<p>Sugerimos que você entre na sala virtual com 15 minutos de antecedência para que testes técnicos possam ser realizados. </p>



<p>Um assistente do Emprad então lhe passará o host da sala do Zoom e então você terá o controle completo de sua sala.</p>



<p>Com o controle da sala você poderá entre outras atividades:<br>&#8211; Silenciar os participante<br>&#8211; Desligar a câmera dos participantes &#8211; <br>&#8211; Encerrar o compartilhamento de tela de um participante<br>&#8211; Banir um usuário da sala</p>



<p>Para consultar a lista de todos os recursos, acesse:  https://support.zoom.us/hc/pt-br/articles/201362603-Controles-do-anfitri%C3%A3o-em-uma-reuni%C3%A3o</p>



<p>Assista também o vídeo demonstrativo:</p>



<figure class="wp-block-embed-youtube wp-block-embed is-type-video is-provider-youtube wp-embed-aspect-16-9 wp-has-aspect-ratio"><div class="wp-block-embed__wrapper">
<iframe loading="lazy" title="Gerenciar uma reunião" width="640" height="360" src="https://www.youtube.com/embed/V8qSMgcBK8w?feature=oembed" frameborder="0" allow="accelerometer; autoplay; clipboard-write; encrypted-media; gyroscope; picture-in-picture; web-share" referrerpolicy="strict-origin-when-cross-origin" allowfullscreen></iframe>
</div></figure>



<hr class="wp-block-separator"/>



<p>Teremos um assistente de apoio no evento, caso necessite chame-o, o contato será passado na abertura da sala.</p>



<p>Não se esqueça de preencher o o formulário de moderação recebido por e-mail e nos enviar logo após o término da sessão, através do e-mail: <a href="mailto:mpe@usp.br" target="_blank" rel="noreferrer noopener">mpe@usp.br</a>. Caso não tenha recebido o formulário, entre em contrato.</p>



<p>O autor terá 15 minutos para apresentação e após o debate será de 5 minutos, caso não haja nenhuma pergunta para o(s) autor(es), pedimos ao&nbsp;moderador&nbsp;que faça a pergunta;</p>



<p>Avise o autor quando faltar 3 minutos para o término da apresentação;</p>



<p>Desejamos a todos um ótimo evento, qualquer dúvida entre em contato através do e-mail <a href="mailto:mpe@usp.br">mpe@usp.br</a></p>



<hr class="wp-block-separator"/>

<p>Prezados Moderadores Obrigado por colaborar com o Emprad. Abaixo algumas instruções úteis para a sua sessão: As sessões de apresentação de trabalho serão realizadas através do software ZOOM Caso nunca tenha utilizado o Zoom, você precisará instalá-lo em seu computador PC/Notebook ou Smartphone (iOS e Android). Abaixo link para instalação Windows: https://zoom.us/client/latest/ZoomInstaller.exe Macintosh: https://support.zoom.us/hc/en-us/articles/203020795-How-To-Install-on-Mac Android: [&hellip;]</p>

<!-- This site is optimized with the Yoast SEO plugin v27.2 - https://yoast.com/product/yoast-seo-wordpress/ -->
<title>Instruções para Moderadores - EMPRAD 2020</title>
<meta name="robots" content="index, follow, max-snippet:-1, max-image-preview:large, max-video-preview:-1" />
<link rel="canonical" href="https://emprad.org.br/2020/instrucoes-para-moderadores/" />
<meta property="og:locale" content="pt_BR" />
<meta property="og:type" content="article" />
<meta property="og:title" content="Instruções para Moderadores - EMPRAD 2020" />
<meta property="og:description" content="Prezados Moderadores Obrigado por colaborar com o Emprad. Abaixo algumas instruções úteis para a sua sessão: As sessões de apresentação de trabalho serão realizadas através do software ZOOM Caso nunca tenha utilizado o Zoom, você precisará instalá-lo em seu computador PC/Notebook ou Smartphone (iOS e Android). Abaixo link para instalação Windows: https://zoom.us/client/latest/ZoomInstaller.exe Macintosh: https://support.zoom.us/hc/en-us/articles/203020795-How-To-Install-on-Mac Android: [&hellip;]" />
<meta property="og:url" content="https://emprad.org.br/2020/instrucoes-para-moderadores/" />
<meta property="og:site_name" content="EMPRAD 2020" />
<meta property="article:modified_time" content="2020-11-13T18:54:21+00:00" />
<meta name="twitter:card" content="summary_large_image" />
<meta name="twitter:label1" content="Est. tempo de leitura" />
	<meta name="twitter:data1" content="2 minutos" />
<script type="application/ld+json" class="yoast-schema-graph">{"@context":"https://schema.org","@graph":[{"@type":"WebPage","@id":"https://emprad.org.br/2020/instrucoes-para-moderadores/","url":"https://emprad.org.br/2020/instrucoes-para-moderadores/","name":"Instruções para Moderadores - EMPRAD 2020","isPartOf":{"@id":"https://emprad.org.br/2020/#website"},"datePublished":"2020-11-13T18:35:20+00:00","dateModified":"2020-11-13T18:54:21+00:00","breadcrumb":{"@id":"https://emprad.org.br/2020/instrucoes-para-moderadores/#breadcrumb"},"inLanguage":"pt-BR","potentialAction":[{"@type":"ReadAction","target":["https://emprad.org.br/2020/instrucoes-para-moderadores/"]}]},{"@type":"BreadcrumbList","@id":"https://emprad.org.br/2020/instrucoes-para-moderadores/#breadcrumb","itemListElement":[{"@type":"ListItem","position":1,"name":"Início","item":"https://emprad.org.br/2020/"},{"@type":"ListItem","position":2,"name":"Instruções para Moderadores"}]},{"@type":"WebSite","@id":"https://emprad.org.br/2020/#website","url":"https://emprad.org.br/2020/","name":"EMPRAD 2020","description":"Encontro dos Programas de Pós-Graduação Profissionais em Administração","potentialAction":[{"@type":"SearchAction","target":{"@type":"EntryPoint","urlTemplate":"https://emprad.org.br/2020/?s={search_term_string}"},"query-input":{"@type":"PropertyValueSpecification","valueRequired":true,"valueName":"search_term_string"}}],"inLanguage":"pt-BR"}]}</script>
<!-- / Yoast SEO plugin. -->

Instruções para Moderadores - EMPRAD 2020

Prezados Moderadores Obrigado por colaborar com o Emprad. Abaixo algumas instruções úteis para a sua sessão: As sessões de apresentação de trabalho serão realizadas através do software ZOOM Caso nunca tenha utilizado o Zoom, você precisará instalá-lo em seu computador PC/Notebook ou Smartphone (iOS e Android). Abaixo link para instalação Windows: https://zoom.us/client/latest/ZoomInstaller.exe Macintosh: https://support.zoom.us/hc/en-us/articles/203020795-How-To-Install-on-Mac Android: [&hellip;]

Início

Encontro dos Programas de Pós-Graduação Profissionais em Administração
