{"id":8915,"date":"2018-10-25T17:38:00","date_gmt":"2018-10-25T20:38:00","guid":{"rendered":"https:\/\/emprad.org.br\/2020\/?page_id=8915"},"modified":"2018-10-25T17:41:28","modified_gmt":"2018-10-25T20:41:28","slug":"workshop-utilizacao-de-um-software-livre-paten2net-na-busca-de-informacoes-patentarias-para-solucao-de-problemas","status":"publish","type":"page","link":"https:\/\/emprad.org.br\/2020\/emprad-2018-2\/programacao\/workshop-utilizacao-de-um-software-livre-paten2net-na-busca-de-informacoes-patentarias-para-solucao-de-problemas\/","title":{"rendered":"Workshop &#8211; UTILIZA\u00c7\u00c3O DE UM SOFTWARE LIVRE (PATEN2NET) NA BUSCA DE INFORMA\u00c7\u00d5ES PATENT\u00c1RIAS PARA SOLU\u00c7\u00c3O DE PROBLEMAS"},"content":{"rendered":"\n<p>Trata-se de um workshop onde ser\u00e1 apresentada uma ferramenta computacional gratuita de minera\u00e7\u00e3o de dados patent\u00e1rios, o Patent2net,\u00a0desenvolvida por um grupo franco-brasileiro. A ferramenta, ap\u00f3s a defini\u00e7\u00e3o de uma estrat\u00e9gia de busca baseada no problema de car\u00e1ter tecnol\u00f3gico para o qual se busca\u00a0uma\u00a0solu\u00e7\u00e3o, vasculha a base de patentes Espacenet, pertencente ao Escrit\u00f3rio Europeu de Patentes (EPO), com mais de 100 milh\u00f5es de documentos. Os resultados provenientes do processo de\u00a0data mining\u00a0gera interfaces gr\u00e1ficas e din\u00e2micas que permitem avaliar\u00a0o\u00a0desenvolvimento de determinadas tecnologias ao longo dos anos (evolu\u00e7\u00e3o temporal dos dep\u00f3sitos de patentes, redes entre tecnologias, empresas, inventores, pa\u00edses e cita\u00e7\u00f5es, mapas de geolocaliza\u00e7\u00e3o), al\u00e9m de possibilitar a sele\u00e7\u00e3o de\u00a0uma ou mais patentes de interesse, com potencial de frugalidade, e livres para reprodu\u00e7\u00e3o no Brasil. Pretende-se, no workshop, preparar os equipamentos dos presentes com\u00a0a\u00a0instala\u00e7\u00e3o do pacote de softwares, al\u00e9m da calibragem dos programas e desenvolvimento de exerc\u00edcio pr\u00e1tico de minera\u00e7\u00e3o de patentes. <\/p>\n\n\n\n<p><strong>Para participa\u00e7\u00e3o no workshop ser\u00e1 necess\u00e1rio:<\/strong><\/p>\n\n\n\n<p>1 &#8211; que o participante traga seu equipamento pr\u00f3prio (de 64 bits);<\/p>\n\n\n\n<p>2 &#8211; que o computador possua o navegador Mozilla Firefox&nbsp;j\u00e1 instalado&nbsp;(dispon\u00edvel em:&nbsp;<a href=\"https:\/\/www.mozilla.org\/pt-BR\/\" target=\"_blank\" rel=\"noreferrer noopener\">https:\/\/www.mozilla.org\/pt-BR\/<\/a>);<\/p>\n\n\n\n<p>3 &#8211; que o participante baixe o pacote de softwares (antes do workshop)&nbsp;dispon\u00edvel em:&nbsp;<a href=\"https:\/\/drive.google.com\/drive\/folders\/1czC-w71a2KtGjwxVOLL6QECoTSmYmfZ-?usp=sharing\" target=\"_blank\" rel=\"noreferrer noopener\">https:\/\/drive.google.com\/drive\/folders\/1czC-w71a2KtGjwxVOLL6QECoTSmYmfZ-?usp=sharing<\/a><\/p>\n","protected":false},"excerpt":{"rendered":"<p>Trata-se de um workshop onde ser\u00e1 apresentada uma ferramenta computacional gratuita de minera\u00e7\u00e3o de dados patent\u00e1rios, o Patent2net,\u00a0desenvolvida por um grupo franco-brasileiro. A ferramenta, ap\u00f3s a defini\u00e7\u00e3o de uma estrat\u00e9gia de busca baseada no problema de car\u00e1ter tecnol\u00f3gico para o qual se busca\u00a0uma\u00a0solu\u00e7\u00e3o, vasculha a base de patentes Espacenet, pertencente ao Escrit\u00f3rio Europeu de Patentes [&hellip;]<\/p>\n","protected":false},"author":1,"featured_media":0,"parent":8832,"menu_order":0,"comment_status":"closed","ping_status":"closed","template":"","meta":{"inline_featured_image":false,"footnotes":""},"class_list":["post-8915","page","type-page","status-publish","hentry"],"yoast_head":"<!-- This site is optimized with the Yoast SEO plugin v27.2 - https:\/\/yoast.com\/product\/yoast-seo-wordpress\/ -->\n<title>Workshop - UTILIZA\u00c7\u00c3O DE UM SOFTWARE LIVRE (PATEN2NET) NA BUSCA DE INFORMA\u00c7\u00d5ES PATENT\u00c1RIAS PARA SOLU\u00c7\u00c3O DE PROBLEMAS - EMPRAD 2020<\/title>\n<meta name=\"robots\" content=\"index, follow, max-snippet:-1, max-image-preview:large, max-video-preview:-1\" \/>\n<link rel=\"canonical\" href=\"https:\/\/emprad.org.br\/2020\/emprad-2018-2\/programacao\/workshop-utilizacao-de-um-software-livre-paten2net-na-busca-de-informacoes-patentarias-para-solucao-de-problemas\/\" \/>\n<meta property=\"og:locale\" content=\"pt_BR\" \/>\n<meta property=\"og:type\" content=\"article\" \/>\n<meta property=\"og:title\" content=\"Workshop - UTILIZA\u00c7\u00c3O DE UM SOFTWARE LIVRE (PATEN2NET) NA BUSCA DE INFORMA\u00c7\u00d5ES PATENT\u00c1RIAS PARA SOLU\u00c7\u00c3O DE PROBLEMAS - EMPRAD 2020\" \/>\n<meta property=\"og:description\" content=\"Trata-se de um workshop onde ser\u00e1 apresentada uma ferramenta computacional gratuita de minera\u00e7\u00e3o de dados patent\u00e1rios, o Patent2net,\u00a0desenvolvida por um grupo franco-brasileiro. A ferramenta, ap\u00f3s a defini\u00e7\u00e3o de uma estrat\u00e9gia de busca baseada no problema de car\u00e1ter tecnol\u00f3gico para o qual se busca\u00a0uma\u00a0solu\u00e7\u00e3o, vasculha a base de patentes Espacenet, pertencente ao Escrit\u00f3rio Europeu de Patentes [&hellip;]\" \/>\n<meta property=\"og:url\" content=\"https:\/\/emprad.org.br\/2020\/emprad-2018-2\/programacao\/workshop-utilizacao-de-um-software-livre-paten2net-na-busca-de-informacoes-patentarias-para-solucao-de-problemas\/\" \/>\n<meta property=\"og:site_name\" content=\"EMPRAD 2020\" \/>\n<meta property=\"article:modified_time\" content=\"2018-10-25T20:41:28+00:00\" \/>\n<meta name=\"twitter:card\" content=\"summary_large_image\" \/>\n<meta name=\"twitter:label1\" content=\"Est. tempo de leitura\" \/>\n\t<meta name=\"twitter:data1\" content=\"1 minuto\" \/>\n<script type=\"application\/ld+json\" class=\"yoast-schema-graph\">{\"@context\":\"https:\/\/schema.org\",\"@graph\":[{\"@type\":\"WebPage\",\"@id\":\"https:\/\/emprad.org.br\/2020\/emprad-2018-2\/programacao\/workshop-utilizacao-de-um-software-livre-paten2net-na-busca-de-informacoes-patentarias-para-solucao-de-problemas\/\",\"url\":\"https:\/\/emprad.org.br\/2020\/emprad-2018-2\/programacao\/workshop-utilizacao-de-um-software-livre-paten2net-na-busca-de-informacoes-patentarias-para-solucao-de-problemas\/\",\"name\":\"Workshop - UTILIZA\u00c7\u00c3O DE UM SOFTWARE LIVRE (PATEN2NET) NA BUSCA DE INFORMA\u00c7\u00d5ES PATENT\u00c1RIAS PARA SOLU\u00c7\u00c3O DE PROBLEMAS - EMPRAD 2020\",\"isPartOf\":{\"@id\":\"https:\/\/emprad.org.br\/2020\/#website\"},\"datePublished\":\"2018-10-25T20:38:00+00:00\",\"dateModified\":\"2018-10-25T20:41:28+00:00\",\"breadcrumb\":{\"@id\":\"https:\/\/emprad.org.br\/2020\/emprad-2018-2\/programacao\/workshop-utilizacao-de-um-software-livre-paten2net-na-busca-de-informacoes-patentarias-para-solucao-de-problemas\/#breadcrumb\"},\"inLanguage\":\"pt-BR\",\"potentialAction\":[{\"@type\":\"ReadAction\",\"target\":[\"https:\/\/emprad.org.br\/2020\/emprad-2018-2\/programacao\/workshop-utilizacao-de-um-software-livre-paten2net-na-busca-de-informacoes-patentarias-para-solucao-de-problemas\/\"]}]},{\"@type\":\"BreadcrumbList\",\"@id\":\"https:\/\/emprad.org.br\/2020\/emprad-2018-2\/programacao\/workshop-utilizacao-de-um-software-livre-paten2net-na-busca-de-informacoes-patentarias-para-solucao-de-problemas\/#breadcrumb\",\"itemListElement\":[{\"@type\":\"ListItem\",\"position\":1,\"name\":\"In\u00edcio\",\"item\":\"https:\/\/emprad.org.br\/2020\/\"},{\"@type\":\"ListItem\",\"position\":2,\"name\":\"Emprad 2018\",\"item\":\"https:\/\/emprad.org.br\/2020\/emprad-2018-2\/\"},{\"@type\":\"ListItem\",\"position\":3,\"name\":\"Programa\u00e7\u00e3o\",\"item\":\"https:\/\/emprad.org.br\/2020\/emprad-2018-2\/programacao\/\"},{\"@type\":\"ListItem\",\"position\":4,\"name\":\"Workshop &#8211; UTILIZA\u00c7\u00c3O DE UM SOFTWARE LIVRE (PATEN2NET) NA BUSCA DE INFORMA\u00c7\u00d5ES PATENT\u00c1RIAS PARA SOLU\u00c7\u00c3O DE PROBLEMAS\"}]},{\"@type\":\"WebSite\",\"@id\":\"https:\/\/emprad.org.br\/2020\/#website\",\"url\":\"https:\/\/emprad.org.br\/2020\/\",\"name\":\"EMPRAD 2020\",\"description\":\"Encontro dos Programas de P\u00f3s-Gradua\u00e7\u00e3o Profissionais em Administra\u00e7\u00e3o\",\"potentialAction\":[{\"@type\":\"SearchAction\",\"target\":{\"@type\":\"EntryPoint\",\"urlTemplate\":\"https:\/\/emprad.org.br\/2020\/?s={search_term_string}\"},\"query-input\":{\"@type\":\"PropertyValueSpecification\",\"valueRequired\":true,\"valueName\":\"search_term_string\"}}],\"inLanguage\":\"pt-BR\"}]}<\/script>\n<!-- \/ Yoast SEO plugin. -->","yoast_head_json":{"title":"Workshop - UTILIZA\u00c7\u00c3O DE UM SOFTWARE LIVRE (PATEN2NET) NA BUSCA DE INFORMA\u00c7\u00d5ES PATENT\u00c1RIAS PARA SOLU\u00c7\u00c3O DE PROBLEMAS - EMPRAD 2020","robots":{"index":"index","follow":"follow","max-snippet":"max-snippet:-1","max-image-preview":"max-image-preview:large","max-video-preview":"max-video-preview:-1"},"canonical":"https:\/\/emprad.org.br\/2020\/emprad-2018-2\/programacao\/workshop-utilizacao-de-um-software-livre-paten2net-na-busca-de-informacoes-patentarias-para-solucao-de-problemas\/","og_locale":"pt_BR","og_type":"article","og_title":"Workshop - UTILIZA\u00c7\u00c3O DE UM SOFTWARE LIVRE (PATEN2NET) NA BUSCA DE INFORMA\u00c7\u00d5ES PATENT\u00c1RIAS PARA SOLU\u00c7\u00c3O DE PROBLEMAS - EMPRAD 2020","og_description":"Trata-se de um workshop onde ser\u00e1 apresentada uma ferramenta computacional gratuita de minera\u00e7\u00e3o de dados patent\u00e1rios, o Patent2net,\u00a0desenvolvida por um grupo franco-brasileiro. A ferramenta, ap\u00f3s a defini\u00e7\u00e3o de uma estrat\u00e9gia de busca baseada no problema de car\u00e1ter tecnol\u00f3gico para o qual se busca\u00a0uma\u00a0solu\u00e7\u00e3o, vasculha a base de patentes Espacenet, pertencente ao Escrit\u00f3rio Europeu de Patentes [&hellip;]","og_url":"https:\/\/emprad.org.br\/2020\/emprad-2018-2\/programacao\/workshop-utilizacao-de-um-software-livre-paten2net-na-busca-de-informacoes-patentarias-para-solucao-de-problemas\/","og_site_name":"EMPRAD 2020","article_modified_time":"2018-10-25T20:41:28+00:00","twitter_card":"summary_large_image","twitter_misc":{"Est. tempo de leitura":"1 minuto"},"schema":{"@context":"https:\/\/schema.org","@graph":[{"@type":"WebPage","@id":"https:\/\/emprad.org.br\/2020\/emprad-2018-2\/programacao\/workshop-utilizacao-de-um-software-livre-paten2net-na-busca-de-informacoes-patentarias-para-solucao-de-problemas\/","url":"https:\/\/emprad.org.br\/2020\/emprad-2018-2\/programacao\/workshop-utilizacao-de-um-software-livre-paten2net-na-busca-de-informacoes-patentarias-para-solucao-de-problemas\/","name":"Workshop - UTILIZA\u00c7\u00c3O DE UM SOFTWARE LIVRE (PATEN2NET) NA BUSCA DE INFORMA\u00c7\u00d5ES PATENT\u00c1RIAS PARA SOLU\u00c7\u00c3O DE PROBLEMAS - EMPRAD 2020","isPartOf":{"@id":"https:\/\/emprad.org.br\/2020\/#website"},"datePublished":"2018-10-25T20:38:00+00:00","dateModified":"2018-10-25T20:41:28+00:00","breadcrumb":{"@id":"https:\/\/emprad.org.br\/2020\/emprad-2018-2\/programacao\/workshop-utilizacao-de-um-software-livre-paten2net-na-busca-de-informacoes-patentarias-para-solucao-de-problemas\/#breadcrumb"},"inLanguage":"pt-BR","potentialAction":[{"@type":"ReadAction","target":["https:\/\/emprad.org.br\/2020\/emprad-2018-2\/programacao\/workshop-utilizacao-de-um-software-livre-paten2net-na-busca-de-informacoes-patentarias-para-solucao-de-problemas\/"]}]},{"@type":"BreadcrumbList","@id":"https:\/\/emprad.org.br\/2020\/emprad-2018-2\/programacao\/workshop-utilizacao-de-um-software-livre-paten2net-na-busca-de-informacoes-patentarias-para-solucao-de-problemas\/#breadcrumb","itemListElement":[{"@type":"ListItem","position":1,"name":"In\u00edcio","item":"https:\/\/emprad.org.br\/2020\/"},{"@type":"ListItem","position":2,"name":"Emprad 2018","item":"https:\/\/emprad.org.br\/2020\/emprad-2018-2\/"},{"@type":"ListItem","position":3,"name":"Programa\u00e7\u00e3o","item":"https:\/\/emprad.org.br\/2020\/emprad-2018-2\/programacao\/"},{"@type":"ListItem","position":4,"name":"Workshop &#8211; UTILIZA\u00c7\u00c3O DE UM SOFTWARE LIVRE (PATEN2NET) NA BUSCA DE INFORMA\u00c7\u00d5ES PATENT\u00c1RIAS PARA SOLU\u00c7\u00c3O DE PROBLEMAS"}]},{"@type":"WebSite","@id":"https:\/\/emprad.org.br\/2020\/#website","url":"https:\/\/emprad.org.br\/2020\/","name":"EMPRAD 2020","description":"Encontro dos Programas de P\u00f3s-Gradua\u00e7\u00e3o Profissionais em Administra\u00e7\u00e3o","potentialAction":[{"@type":"SearchAction","target":{"@type":"EntryPoint","urlTemplate":"https:\/\/emprad.org.br\/2020\/?s={search_term_string}"},"query-input":{"@type":"PropertyValueSpecification","valueRequired":true,"valueName":"search_term_string"}}],"inLanguage":"pt-BR"}]}},"_links":{"self":[{"href":"https:\/\/emprad.org.br\/2020\/wp-json\/wp\/v2\/pages\/8915","targetHints":{"allow":["GET"]}}],"collection":[{"href":"https:\/\/emprad.org.br\/2020\/wp-json\/wp\/v2\/pages"}],"about":[{"href":"https:\/\/emprad.org.br\/2020\/wp-json\/wp\/v2\/types\/page"}],"author":[{"embeddable":true,"href":"https:\/\/emprad.org.br\/2020\/wp-json\/wp\/v2\/users\/1"}],"replies":[{"embeddable":true,"href":"https:\/\/emprad.org.br\/2020\/wp-json\/wp\/v2\/comments?post=8915"}],"version-history":[{"count":0,"href":"https:\/\/emprad.org.br\/2020\/wp-json\/wp\/v2\/pages\/8915\/revisions"}],"up":[{"embeddable":true,"href":"https:\/\/emprad.org.br\/2020\/wp-json\/wp\/v2\/pages\/8832"}],"wp:attachment":[{"href":"https:\/\/emprad.org.br\/2020\/wp-json\/wp\/v2\/media?parent=8915"}],"curies":[{"name":"wp","href":"https:\/\/api.w.org\/{rel}","templated":true}]}}