{"id":8018,"date":"2018-03-08T04:14:47","date_gmt":"2018-03-08T04:14:47","guid":{"rendered":"http:\/\/themes.radiantthemes.com\/consultix\/demo-one\/?page_id=8018"},"modified":"2021-10-18T10:16:16","modified_gmt":"2021-10-18T13:16:16","slug":"regras-de-submissao","status":"publish","type":"page","link":"https:\/\/emprad.org.br\/2020\/regras-de-submissao\/","title":{"rendered":"Regras de Submiss\u00e3o"},"content":{"rendered":"<p>[vc_row full_width=&#8221;stretch_row&#8221; gap=&#8221;20&#8243; css_animation=&#8221;none&#8221; css=&#8221;.vc_custom_1519363723057{margin-top: 0px !important;margin-right: -15px !important;margin-bottom: 0px !important;margin-left: -15px !important;padding-top: 65px !important;padding-bottom: 0px !important;background-color: #ffffff !important;}&#8221;][vc_column css_animation=&#8221;none&#8221; width=&#8221;3\/4&#8243; css=&#8221;.vc_custom_1511243001013{padding-top: 0px !important;padding-bottom: 0px !important;}&#8221;][vc_custom_heading source=&#8221;post_title&#8221; font_container=&#8221;tag:h2|font_size:32px|text_align:left&#8221; use_theme_fonts=&#8221;yes&#8221; css=&#8221;.vc_custom_1533092055309{margin-bottom: 0px !important;padding-bottom: 20px !important;}&#8221;][vc_column_text css=&#8221;.vc_custom_1632426492324{margin-bottom: 35px !important;}&#8221;]<strong>\u2013 Podem ser submetidos artigos te\u00f3ricos, emp\u00edricos e relato t\u00e9cnico.<\/strong><\/p>\n<p>\u2013 A submiss\u00e3o de trabalhos ser\u00e1 exclusivamente pela Internet.<\/p>\n<p>\u2013\u00a0 O trabalho deve ser in\u00e9dito, contudo, ser\u00e3o aceitos trabalhos em desenvolvimento, mesmo j\u00e1 apresentados em outros congressos que\u00a0<strong>n\u00e3o o Emprad<\/strong>\u00a0e que n\u00e3o tenham j\u00e1 sido submetidos e\/ou publicados em peri\u00f3dicos cient\u00edficos.<\/p>\n<p>\u2013 Ser\u00e3o aceitos trabalhos submetidos em portugu\u00eas, ingl\u00eas ou espanhol.<\/p>\n<p>\u2013 O trabalho n\u00e3o pode conter qualquer identifica\u00e7\u00e3o ou indica\u00e7\u00e3o de autoria no campo\u00a0\u201cpropriedade\u201d e no corpo do trabalho.<\/p>\n<p>\u2013 Para que o trabalho seja apresentado no evento e inclu\u00eddo nos anais, ser\u00e1 necess\u00e1rio\u00a0que pelo menos um autor que apresentar\u00e1 o trabalho fa\u00e7a a sua inscri\u00e7\u00e3o.<\/p>\n<p>\u2013 Para participar do evento e receber o certificado de participa\u00e7\u00e3o, ser\u00e1 necess\u00e1rio a sua\u00a0inscri\u00e7\u00e3o.<\/p>\n<p>\u2013 A inscri\u00e7\u00e3o \u00e9 pessoal e n\u00e3o transfer\u00edvel.<\/p>\n<p>\u2013 Se o trabalho n\u00e3o for apresentado, os autores poder\u00e3o ser impedidos de submeter\u00a0trabalhos no evento subsequente.<\/p>\n<p>\u2013 A vers\u00e3o enviada ser\u00e1 definitiva. Somente ser\u00e3o aceitos trabalhos com reda\u00e7\u00e3o e\u00a0ortografia adequadas.<\/p>\n<p>\u2013 Para submiss\u00e3o de trabalhos, os autores devem estar cadastrados no sistema. Autores\u00a0j\u00e1 cadastrados devem certificar-se de que os cadastros estejam atualizados. Os \u00faltimos\u00a0dados registrados constar\u00e3o na identifica\u00e7\u00e3o da autoria do trabalho.<\/p>\n<p>\u2013 Para o cadastro, os autores brasileiros devem informar o n\u00famero do CPF. Para os autores estrangeiros, ter o n\u00famero do passaporte ou outro documento de identifica\u00e7\u00e3o do pa\u00eds de origem.<\/p>\n<p>\u2013 Ser\u00e1 aceita a inclus\u00e3o de autor at\u00e9 a data limite de submiss\u00e3o de trabalhos.<\/p>\n<p>\u2013 Se houver interesse, indicar a\u00a0revista \u00a0para a qual deseja participar do processo de\u00a0fast-track. O autor poder\u00e1 indicar na submiss\u00e3o, indicar a ordem de prefer\u00eancia das revistas.<\/p>\n<p>Recomenda-se que o autor verifique o escopo editorial das revistas.[\/vc_column_text][vc_custom_heading text=&#8221;Formata\u00e7\u00e3o do trabalho&#8221; font_container=&#8221;tag:h3|font_size:17px|text_align:left&#8221; use_theme_fonts=&#8221;yes&#8221;][rt_list_style list_icon_test=&#8221;e87d6373-c2dc-10&#8243;]<\/p>\n<ul>\n<li>Formato do papel: A4;<\/li>\n<li>Fonte: Times New Roman\/ tamanho 12;<\/li>\n<li>Espa\u00e7amento: simples, texto disposto em uma coluna;<\/li>\n<li>Alinhamento: justificado;<\/li>\n<li>Margens: Superior: 3 cm; inferior: 2 cm; esquerda: 3 cm; direita: 2 cm.<\/li>\n<li>Pagina\u00e7\u00e3o: inserir n\u00famero de p\u00e1ginas no rodap\u00e9 com alinhamento ao lado direito;<\/li>\n<li>T\u00edtulos em letras mai\u00fasculas e subt\u00edtulos em letras min\u00fasculas;<\/li>\n<li>Formato do arquivo: PDF;<\/li>\n<li>O Relato T\u00e9cnico de Pesquisa Aplicada segue o formato de um artigo curto (m\u00ednimo de 7 e m\u00e1ximo de 16 p\u00e1ginas), incluindo ilustra\u00e7\u00f5es e refer\u00eancias.<\/li>\n<li>O texto deve come\u00e7ar pelo t\u00edtulo seguido pelo resumo, conforme a seguinte formata\u00e7\u00e3o: em portugu\u00eas, texto justificado, fonte Times New Roman, corpo 12, espa\u00e7amento simples (entre caracteres, palavras e linhas), no m\u00ednimo 100 e no m\u00e1ximo 200 palavras. Deve conter objetivos, metodologia, principais resultados e contribui\u00e7\u00f5es tecnol\u00f3gicas-sociais em texto corrido.<\/li>\n<li>Notas: n\u00e3o devem ser colocadas no rodap\u00e9, mas inseridas como notas de final de texto.<\/li>\n<li>As refer\u00eancias bibliogr\u00e1ficas dever\u00e3o ser citadas ao longo do texto de acordo com o sistema (autor-data), e apresentadas em ordem alfab\u00e9tica no final do trabalho, de acordo com as normas APA ou ABNT\/NBR-6023-2018.<\/li>\n<\/ul>\n<p>[\/rt_list_style][vc_custom_heading text=&#8221;Estrutura sugerida&#8221; font_container=&#8221;tag:h3|font_size:17px|text_align:left&#8221; use_theme_fonts=&#8221;yes&#8221;][rt_list_style list_icon_test=&#8221;e87d6373-c2dc-10&#8243;]O Relato T\u00e9cnico de Pesquisa Aplicada \u00e9 o produto de um estudo (pesquisa aplicada ou produ\u00e7\u00e3o t\u00e9cnica) que descreva, de forma precisa e objetiva, a situa\u00e7\u00e3o-problema e o resultado de solu\u00e7\u00e3o prescritiva associada, ou o aproveitamento de uma oportunidade, no contexto organizacional. Um Relato T\u00e9cnico de Pesquisa Aplicada apresenta os resultados de uma interven\u00e7\u00e3o administrativa, t\u00e9cnica ou gerencial em uma organiza\u00e7\u00e3o realizada com crit\u00e9rios metodol\u00f3gicos. S\u00e3o trabalhos que priorizam a descri\u00e7\u00e3o do aprendizado, na forma da apresenta\u00e7\u00e3o de resultados pr\u00e1ticos, aprendizado este oriundo de experi\u00eancias vivenciadas pelas pelos profissionais e\/ou organiza\u00e7\u00f5es envolvidos em processos pass\u00edveis de serem gerenciados e\/ou aperfei\u00e7oados por t\u00e9cnicas espec\u00edficas de gest\u00e3o.<\/p>\n<p>Orienta\u00e7\u00e3o para o registro e desenvolvimento do Relato Tecnol\u00f3gico de Solu\u00e7\u00e3o de Problemas e\/ou Aproveitamento de Oportunidades:<\/p>\n<div class=\"rt-list element-one\">\n<ul>\n<li>Deve ser voltado para a solu\u00e7\u00e3o de problemas, ou aproveitamento de oportunidade, de forma pr\u00e1tica, ainda que fundamentadas em disciplinas aplicadas;<\/li>\n<li>Deve, no caso de solu\u00e7\u00e3o de problema, privilegiar o conhecimento prescritivo, ou seja, propor (ou prescrever) solu\u00e7\u00f5es para problemas enfrentados pelas organiza\u00e7\u00f5es;<\/li>\n<li>Deve, no caso de aproveitamento de oportunidade, privilegiar a busca pela conquista ou reten\u00e7\u00e3o de clientes;<\/li>\n<li>Deve contemplar a aplicabilidade, o impacto, a inova\u00e7\u00e3o e a complexidade da solu\u00e7\u00e3o de problemas e\/ou aproveitamento de oportunidades.<\/li>\n<\/ul>\n<\/div>\n<p>[\/rt_list_style][vc_custom_heading text=&#8221;Estrutura sugerida do trabalho:&#8221; font_container=&#8221;tag:h3|font_size:17px|text_align:left&#8221; use_theme_fonts=&#8221;yes&#8221;][rt_list_style list_icon_test=&#8221;e87d6373-c2dc-10&#8243;]<\/p>\n<ul>\n<li>Introdu\u00e7\u00e3o.<\/li>\n<li>Contexto Investigado.<\/li>\n<li>Diagn\u00f3stico da Situa\u00e7\u00e3o-Problema ou da Oportunidade.<\/li>\n<li>Interven\u00e7\u00e3o Proposta: mecanismos adotados para solucionar o problema ou aproveitar a oportunidade.<\/li>\n<li>Resultados Obtidos: descri\u00e7\u00e3o de maneira objetiva dos resultados obtidos na organiza\u00e7\u00e3o, destacando tamb\u00e9m os fatores conjunturais que podem ter afetado esse resultado al\u00e9m da interven\u00e7\u00e3o.<\/li>\n<li>Contribui\u00e7\u00e3o Tecnol\u00f3gica-Social.<\/li>\n<\/ul>\n<p><strong>Trabalhos que n\u00e3o estejam em acordo as normas de formata\u00e7\u00e3o, n\u00e3o ser\u00e3o aceitos.<\/strong>[\/rt_list_style][\/vc_column][vc_column width=&#8221;1\/4&#8243; css=&#8221;.vc_custom_1518763663115{margin-top: 0px !important;margin-bottom: 0px !important;padding-top: 0px !important;}&#8221;][vc_row_inner css=&#8221;.vc_custom_1519363793086{margin-top: 10px !important;margin-bottom: 35px !important;padding-top: 0px !important;padding-right: 0px !important;padding-bottom: 0px !important;padding-left: 0px !important;}&#8221;][vc_column_inner css=&#8221;.vc_custom_1518766187077{margin-top: 0px !important;margin-right: 0px !important;margin-bottom: 0px !important;margin-left: 0px !important;padding-top: 0px !important;padding-right: 0px !important;padding-bottom: 0px !important;padding-left: 0px !important;}&#8221;][rt_menu_style nav_menu=&#8221;Trabalhos&#8221; extra_class=&#8221;side-menu&#8221;][\/vc_column_inner][\/vc_row_inner][vc_row_inner disable_element=&#8221;yes&#8221; css=&#8221;.vc_custom_1634562972846{margin-top: 0px !important;margin-bottom: 0px !important;padding-top: 0px !important;padding-bottom: 0px !important;background: #1e73be url(http:\/\/themes.radiantthemes.com\/consultix\/demo-one\/wp-content\/uploads\/sites\/12\/2018\/02\/Call-Back.jpg?id=5474) !important;background-position: center !important;background-repeat: no-repeat !important;background-size: cover !important;}&#8221;][vc_column_inner css=&#8221;.vc_custom_1518768764441{margin-top: 0px !important;margin-bottom: 0px !important;padding-top: 35px !important;padding-right: 17px !important;padding-bottom: 50px !important;padding-left: 17px !important;}&#8221;][vc_custom_heading text=&#8221;Submiss\u00f5es Abertas&#8221; font_container=&#8221;tag:h4|font_size:22px|text_align:center|color:%23ffffff|line_height:35px&#8221; use_theme_fonts=&#8221;yes&#8221; css=&#8221;.vc_custom_1533090713780{margin-top: 0px !important;margin-bottom: 0px !important;border-bottom-width: 1px !important;padding-top: 0px !important;padding-bottom: 16px !important;border-bottom-color: rgba(255,255,255,0.3) !important;border-bottom-style: solid !important;}&#8221;][vc_column_text css=&#8221;.vc_custom_1626810979843{margin-top: 18px !important;margin-bottom: 0px !important;padding-top: 0px !important;padding-bottom: 4px !important;}&#8221;]<\/p>\n<p style=\"text-align: center;\"><span style=\"color: #ffffff;\">Submeta seu trabalho at\u00e9 o dia<\/span><\/p>\n<p>[\/vc_column_text][vc_custom_heading text=&#8221;17\/10&#8243; font_container=&#8221;tag:h4|font_size:18|text_align:center|color:%23ffffff&#8221; use_theme_fonts=&#8221;yes&#8221; css=&#8221;.vc_custom_1633373137518{margin-top: 0px !important;margin-bottom: 0px !important;padding-top: 0px !important;padding-bottom: 17px !important;}&#8221; link=&#8221;url:http%3A%2F%2Fsistema.emprad.org.br\/2020%2F7%2Flogin%3F&#8221;][lea_button_style title=&#8221;SUBMETER TRABALHO&#8221; align=&#8221;center&#8221; font_color=&#8221;#161617&#8243; use_theme_fonts=&#8221;yes&#8221; background_hover_color=&#8221;#f5f6f6&#8243; font_hover_color=&#8221;#252525&#8243; link=&#8221;url:http%3A%2F%2Fsistema.emprad.org.br\/2020%2F7%2Flogin%3F&#8221; button_font_size=&#8221;13px&#8221; button_design_css=&#8221;.vc_custom_1626810918602{margin-top: 0px !important;margin-bottom: 0px !important;padding-top: 10px !important;padding-right: 26px !important;padding-bottom: 10px !important;padding-left: 26px !important;background-color: #ffffff !important;border-radius: 35px !important;}&#8221; extra_class=&#8221;button-custom&#8221;][\/vc_column_inner][\/vc_row_inner][\/vc_column][\/vc_row][vc_section][\/vc_section]<\/p>\n","protected":false},"excerpt":{"rendered":"<p>[vc_row full_width=&#8221;stretch_row&#8221; gap=&#8221;20&#8243; css_animation=&#8221;none&#8221; css=&#8221;.vc_custom_1519363723057{margin-top: 0px !important;margin-right: -15px !important;margin-bottom: 0px !important;margin-left: -15px !important;padding-top: 65px !important;padding-bottom: 0px !important;background-color: #ffffff !important;}&#8221;][vc_column css_animation=&#8221;none&#8221; width=&#8221;3\/4&#8243; css=&#8221;.vc_custom_1511243001013{padding-top: 0px !important;padding-bottom: 0px !important;}&#8221;][vc_custom_heading source=&#8221;post_title&#8221; font_container=&#8221;tag:h2|font_size:32px|text_align:left&#8221; use_theme_fonts=&#8221;yes&#8221; css=&#8221;.vc_custom_1533092055309{margin-bottom: 0px !important;padding-bottom: 20px !important;}&#8221;][vc_column_text css=&#8221;.vc_custom_1632426492324{margin-bottom: 35px !important;}&#8221;]\u2013 Podem ser submetidos artigos te\u00f3ricos, emp\u00edricos e relato t\u00e9cnico. \u2013 A submiss\u00e3o de trabalhos ser\u00e1 exclusivamente pela Internet. [&hellip;]<\/p>\n","protected":false},"author":1,"featured_media":0,"parent":0,"menu_order":0,"comment_status":"closed","ping_status":"closed","template":"","meta":{"inline_featured_image":false,"footnotes":""},"class_list":["post-8018","page","type-page","status-publish","hentry"],"yoast_head":"<!-- This site is optimized with the Yoast SEO plugin v27.2 - https:\/\/yoast.com\/product\/yoast-seo-wordpress\/ -->\n<title>Regras de Submiss\u00e3o - EMPRAD 2020<\/title>\n<meta name=\"robots\" content=\"index, follow, max-snippet:-1, max-image-preview:large, max-video-preview:-1\" \/>\n<link rel=\"canonical\" href=\"https:\/\/emprad.org.br\/2020\/regras-de-submissao\/\" \/>\n<meta property=\"og:locale\" content=\"pt_BR\" \/>\n<meta property=\"og:type\" content=\"article\" \/>\n<meta property=\"og:title\" content=\"Regras de Submiss\u00e3o - EMPRAD 2020\" \/>\n<meta property=\"og:description\" content=\"[vc_row full_width=&#8221;stretch_row&#8221; gap=&#8221;20&#8243; css_animation=&#8221;none&#8221; css=&#8221;.vc_custom_1519363723057{margin-top: 0px !important;margin-right: -15px !important;margin-bottom: 0px !important;margin-left: -15px !important;padding-top: 65px !important;padding-bottom: 0px !important;background-color: #ffffff !important;}&#8221;][vc_column css_animation=&#8221;none&#8221; width=&#8221;3\/4&#8243; css=&#8221;.vc_custom_1511243001013{padding-top: 0px !important;padding-bottom: 0px !important;}&#8221;][vc_custom_heading source=&#8221;post_title&#8221; font_container=&#8221;tag:h2|font_size:32px|text_align:left&#8221; use_theme_fonts=&#8221;yes&#8221; css=&#8221;.vc_custom_1533092055309{margin-bottom: 0px !important;padding-bottom: 20px !important;}&#8221;][vc_column_text css=&#8221;.vc_custom_1632426492324{margin-bottom: 35px !important;}&#8221;]\u2013 Podem ser submetidos artigos te\u00f3ricos, emp\u00edricos e relato t\u00e9cnico. \u2013 A submiss\u00e3o de trabalhos ser\u00e1 exclusivamente pela Internet. [&hellip;]\" \/>\n<meta property=\"og:url\" content=\"https:\/\/emprad.org.br\/2020\/regras-de-submissao\/\" \/>\n<meta property=\"og:site_name\" content=\"EMPRAD 2020\" \/>\n<meta property=\"article:modified_time\" content=\"2021-10-18T13:16:16+00:00\" \/>\n<meta name=\"twitter:card\" content=\"summary_large_image\" \/>\n<meta name=\"twitter:label1\" content=\"Est. tempo de leitura\" \/>\n\t<meta name=\"twitter:data1\" content=\"4 minutos\" \/>\n<script type=\"application\/ld+json\" class=\"yoast-schema-graph\">{\"@context\":\"https:\/\/schema.org\",\"@graph\":[{\"@type\":\"WebPage\",\"@id\":\"https:\/\/emprad.org.br\/2020\/regras-de-submissao\/\",\"url\":\"https:\/\/emprad.org.br\/2020\/regras-de-submissao\/\",\"name\":\"Regras de Submiss\u00e3o - EMPRAD 2020\",\"isPartOf\":{\"@id\":\"https:\/\/emprad.org.br\/2020\/#website\"},\"datePublished\":\"2018-03-08T04:14:47+00:00\",\"dateModified\":\"2021-10-18T13:16:16+00:00\",\"breadcrumb\":{\"@id\":\"https:\/\/emprad.org.br\/2020\/regras-de-submissao\/#breadcrumb\"},\"inLanguage\":\"pt-BR\",\"potentialAction\":[{\"@type\":\"ReadAction\",\"target\":[\"https:\/\/emprad.org.br\/2020\/regras-de-submissao\/\"]}]},{\"@type\":\"BreadcrumbList\",\"@id\":\"https:\/\/emprad.org.br\/2020\/regras-de-submissao\/#breadcrumb\",\"itemListElement\":[{\"@type\":\"ListItem\",\"position\":1,\"name\":\"In\u00edcio\",\"item\":\"https:\/\/emprad.org.br\/2020\/\"},{\"@type\":\"ListItem\",\"position\":2,\"name\":\"Regras de Submiss\u00e3o\"}]},{\"@type\":\"WebSite\",\"@id\":\"https:\/\/emprad.org.br\/2020\/#website\",\"url\":\"https:\/\/emprad.org.br\/2020\/\",\"name\":\"EMPRAD 2020\",\"description\":\"Encontro dos Programas de P\u00f3s-Gradua\u00e7\u00e3o Profissionais em Administra\u00e7\u00e3o\",\"potentialAction\":[{\"@type\":\"SearchAction\",\"target\":{\"@type\":\"EntryPoint\",\"urlTemplate\":\"https:\/\/emprad.org.br\/2020\/?s={search_term_string}\"},\"query-input\":{\"@type\":\"PropertyValueSpecification\",\"valueRequired\":true,\"valueName\":\"search_term_string\"}}],\"inLanguage\":\"pt-BR\"}]}<\/script>\n<!-- \/ Yoast SEO plugin. -->","yoast_head_json":{"title":"Regras de Submiss\u00e3o - EMPRAD 2020","robots":{"index":"index","follow":"follow","max-snippet":"max-snippet:-1","max-image-preview":"max-image-preview:large","max-video-preview":"max-video-preview:-1"},"canonical":"https:\/\/emprad.org.br\/2020\/regras-de-submissao\/","og_locale":"pt_BR","og_type":"article","og_title":"Regras de Submiss\u00e3o - EMPRAD 2020","og_description":"[vc_row full_width=&#8221;stretch_row&#8221; gap=&#8221;20&#8243; css_animation=&#8221;none&#8221; css=&#8221;.vc_custom_1519363723057{margin-top: 0px !important;margin-right: -15px !important;margin-bottom: 0px !important;margin-left: -15px !important;padding-top: 65px !important;padding-bottom: 0px !important;background-color: #ffffff !important;}&#8221;][vc_column css_animation=&#8221;none&#8221; width=&#8221;3\/4&#8243; css=&#8221;.vc_custom_1511243001013{padding-top: 0px !important;padding-bottom: 0px !important;}&#8221;][vc_custom_heading source=&#8221;post_title&#8221; font_container=&#8221;tag:h2|font_size:32px|text_align:left&#8221; use_theme_fonts=&#8221;yes&#8221; css=&#8221;.vc_custom_1533092055309{margin-bottom: 0px !important;padding-bottom: 20px !important;}&#8221;][vc_column_text css=&#8221;.vc_custom_1632426492324{margin-bottom: 35px !important;}&#8221;]\u2013 Podem ser submetidos artigos te\u00f3ricos, emp\u00edricos e relato t\u00e9cnico. \u2013 A submiss\u00e3o de trabalhos ser\u00e1 exclusivamente pela Internet. [&hellip;]","og_url":"https:\/\/emprad.org.br\/2020\/regras-de-submissao\/","og_site_name":"EMPRAD 2020","article_modified_time":"2021-10-18T13:16:16+00:00","twitter_card":"summary_large_image","twitter_misc":{"Est. tempo de leitura":"4 minutos"},"schema":{"@context":"https:\/\/schema.org","@graph":[{"@type":"WebPage","@id":"https:\/\/emprad.org.br\/2020\/regras-de-submissao\/","url":"https:\/\/emprad.org.br\/2020\/regras-de-submissao\/","name":"Regras de Submiss\u00e3o - EMPRAD 2020","isPartOf":{"@id":"https:\/\/emprad.org.br\/2020\/#website"},"datePublished":"2018-03-08T04:14:47+00:00","dateModified":"2021-10-18T13:16:16+00:00","breadcrumb":{"@id":"https:\/\/emprad.org.br\/2020\/regras-de-submissao\/#breadcrumb"},"inLanguage":"pt-BR","potentialAction":[{"@type":"ReadAction","target":["https:\/\/emprad.org.br\/2020\/regras-de-submissao\/"]}]},{"@type":"BreadcrumbList","@id":"https:\/\/emprad.org.br\/2020\/regras-de-submissao\/#breadcrumb","itemListElement":[{"@type":"ListItem","position":1,"name":"In\u00edcio","item":"https:\/\/emprad.org.br\/2020\/"},{"@type":"ListItem","position":2,"name":"Regras de Submiss\u00e3o"}]},{"@type":"WebSite","@id":"https:\/\/emprad.org.br\/2020\/#website","url":"https:\/\/emprad.org.br\/2020\/","name":"EMPRAD 2020","description":"Encontro dos Programas de P\u00f3s-Gradua\u00e7\u00e3o Profissionais em Administra\u00e7\u00e3o","potentialAction":[{"@type":"SearchAction","target":{"@type":"EntryPoint","urlTemplate":"https:\/\/emprad.org.br\/2020\/?s={search_term_string}"},"query-input":{"@type":"PropertyValueSpecification","valueRequired":true,"valueName":"search_term_string"}}],"inLanguage":"pt-BR"}]}},"_links":{"self":[{"href":"https:\/\/emprad.org.br\/2020\/wp-json\/wp\/v2\/pages\/8018","targetHints":{"allow":["GET"]}}],"collection":[{"href":"https:\/\/emprad.org.br\/2020\/wp-json\/wp\/v2\/pages"}],"about":[{"href":"https:\/\/emprad.org.br\/2020\/wp-json\/wp\/v2\/types\/page"}],"author":[{"embeddable":true,"href":"https:\/\/emprad.org.br\/2020\/wp-json\/wp\/v2\/users\/1"}],"replies":[{"embeddable":true,"href":"https:\/\/emprad.org.br\/2020\/wp-json\/wp\/v2\/comments?post=8018"}],"version-history":[{"count":2,"href":"https:\/\/emprad.org.br\/2020\/wp-json\/wp\/v2\/pages\/8018\/revisions"}],"predecessor-version":[{"id":10034,"href":"https:\/\/emprad.org.br\/2020\/wp-json\/wp\/v2\/pages\/8018\/revisions\/10034"}],"wp:attachment":[{"href":"https:\/\/emprad.org.br\/2020\/wp-json\/wp\/v2\/media?parent=8018"}],"curies":[{"name":"wp","href":"https:\/\/api.w.org\/{rel}","templated":true}]}}