{"id":49,"date":"2021-09-09T16:18:22","date_gmt":"2021-09-09T19:18:22","guid":{"rendered":"https:\/\/emprad.org.br\/2015\/?page_id=49"},"modified":"2021-09-09T17:05:51","modified_gmt":"2021-09-09T20:05:51","slug":"fotos","status":"publish","type":"page","link":"https:\/\/emprad.org.br\/2015\/fotos\/","title":{"rendered":"Fotos"},"content":{"rendered":"\n<ul class=\"wp-block-list\"><li><a href=\"https:\/\/emprad.org.br\/2015\/fotos\/abertura\/\" data-type=\"page\" data-id=\"51\">Abertura<\/a><\/li><li><a href=\"https:\/\/emprad.org.br\/2015\/fotos\/coffee-break-e-apresentacao-de-posteres\/\" data-type=\"page\" data-id=\"62\">Coffee Break e Apresenta\u00e7\u00e3o de P\u00f4steres<\/a><\/li><li><a href=\"https:\/\/emprad.org.br\/2015\/fotos\/apresentacoes-dia-17\/\" data-type=\"URL\" data-id=\"https:\/\/emprad.org.br\/2015\/fotos\/apresentacoes-dia-17\/\">Apresenta\u00e7\u00f5es \u2013 Dia 17<\/a><\/li><li><a href=\"https:\/\/emprad.org.br\/2015\/fotos\/case-pif-paf\/\" data-type=\"URL\" data-id=\"https:\/\/emprad.org.br\/2015\/fotos\/case-pif-paf\/\">Case Pif Paf<\/a><\/li><li><a href=\"https:\/\/emprad.org.br\/2015\/fotos\/apresentacoes-dia-18\/\" data-type=\"URL\">Apresenta\u00e7\u00f5es \u2013 Dia 18<\/a><\/li><li><a href=\"https:\/\/emprad.org.br\/2015\/case-linkedin\/\" data-type=\"page\" data-id=\"197\">Case LinkedIn<\/a><\/li><li><a href=\"https:\/\/emprad.org.br\/2015\/fotos\/case-salomao-zoppi\/\" data-type=\"page\">Case Salom\u00e3o Zoppi<\/a><br><\/li><\/ul>\n","protected":false},"excerpt":{"rendered":"<p>Abertura Coffee Break e Apresenta\u00e7\u00e3o de P\u00f4steres Apresenta\u00e7\u00f5es \u2013 Dia 17 Case Pif Paf Apresenta\u00e7\u00f5es&#8230;<\/p>\n","protected":false},"author":1,"featured_media":0,"parent":0,"menu_order":0,"comment_status":"closed","ping_status":"closed","template":"template-full-width.php","meta":{"inline_featured_image":false,"footnotes":""},"class_list":["post-49","page","type-page","status-publish","hentry"],"_links":{"self":[{"href":"https:\/\/emprad.org.br\/2015\/wp-json\/wp\/v2\/pages\/49","targetHints":{"allow":["GET"]}}],"collection":[{"href":"https:\/\/emprad.org.br\/2015\/wp-json\/wp\/v2\/pages"}],"about":[{"href":"https:\/\/emprad.org.br\/2015\/wp-json\/wp\/v2\/types\/page"}],"author":[{"embeddable":true,"href":"https:\/\/emprad.org.br\/2015\/wp-json\/wp\/v2\/users\/1"}],"replies":[{"embeddable":true,"href":"https:\/\/emprad.org.br\/2015\/wp-json\/wp\/v2\/comments?post=49"}],"version-history":[{"count":0,"href":"https:\/\/emprad.org.br\/2015\/wp-json\/wp\/v2\/pages\/49\/revisions"}],"wp:attachment":[{"href":"https:\/\/emprad.org.br\/2015\/wp-json\/wp\/v2\/media?parent=49"}],"curies":[{"name":"wp","href":"https:\/\/api.w.org\/{rel}","templated":true}]}}